{"id":1051,"date":"2023-06-06T17:41:53","date_gmt":"2023-06-06T17:41:53","guid":{"rendered":"http:\/\/tempusfugit.mx\/blogniebla\/?page_id=1051"},"modified":"2023-06-07T23:26:51","modified_gmt":"2023-06-07T23:26:51","slug":"esculturas-impresas-en-3d","status":"publish","type":"page","link":"https:\/\/tempusfugit.mx\/blogniebla\/esculturas-impresas-en-3d\/","title":{"rendered":"Esculturas Impresas en 3d"},"content":{"rendered":"\n<div class=\"wp-block-media-text alignwide is-stacked-on-mobile\" style=\"grid-template-columns:42% auto\"><figure class=\"wp-block-media-text__media\"><video controls src=\"https:\/\/tempusfugit.mx\/blogniebla\/wp-content\/uploads\/2023\/06\/Promo-esculturas-corregido2.mp4\"><\/video><\/figure><div class=\"wp-block-media-text__content\">\n<p><\/p>\n<\/div><\/div>\n\n\n\n<p><strong>Arte fino al alcance de cualquiera.<\/strong><\/p>\n\n\n\n<p>Impresas en 3d con acabados en esmalte y\/o acr\u00edlico.<br>Para regalos, coleccionismo, decoraci\u00f3n.<br><em>Reconocimientos, trofeos, premiaciones.<br>Personalizamos la base con logotipos o textos, para empresas.<br>Reproducciones de esculturas cl\u00e1sicas o arte sobre pedido.<\/em><\/p>\n\n\n\n<h6 class=\"wp-block-heading\"><em><span style=\"color: #800080;\">Clic en la foto para info sobre la pieza.<\/span><\/em><\/h6>\n\n\n\n<figure class=\"wp-block-image alignnone\"><a href=\"https:\/\/tempusfugit.mx\/blogniebla\/torus-mobius\/\"><img decoding=\"async\" loading=\"lazy\" width=\"300\" height=\"300\" src=\"https:\/\/tempusfugit.mx\/blogniebla\/wp-content\/uploads\/2023\/05\/Torus-Mobius-sq1-300x300.jpg\" alt=\"\" class=\"wp-image-703\" srcset=\"https:\/\/tempusfugit.mx\/blogniebla\/wp-content\/uploads\/2023\/05\/Torus-Mobius-sq1-300x300.jpg 300w, https:\/\/tempusfugit.mx\/blogniebla\/wp-content\/uploads\/2023\/05\/Torus-Mobius-sq1-150x150.jpg 150w, https:\/\/tempusfugit.mx\/blogniebla\/wp-content\/uploads\/2023\/05\/Torus-Mobius-sq1-768x768.jpg 768w, https:\/\/tempusfugit.mx\/blogniebla\/wp-content\/uploads\/2023\/05\/Torus-Mobius-sq1-1024x1024.jpg 1024w, https:\/\/tempusfugit.mx\/blogniebla\/wp-content\/uploads\/2023\/05\/Torus-Mobius-sq1-750x750.jpg 750w, https:\/\/tempusfugit.mx\/blogniebla\/wp-content\/uploads\/2023\/05\/Torus-Mobius-sq1.jpg 2034w\" sizes=\"(max-width: 300px) 100vw, 300px\" \/><\/a><figcaption class=\"wp-element-caption\"><a href=\"https:\/\/tempusfugit.mx\/blogniebla\/torus-mobius\/\">Torus Mobius<\/a><\/figcaption><\/figure>\n\n\n\n<figure class=\"wp-block-image alignnone\"><a href=\"https:\/\/tempusfugit.mx\/blogniebla\/metatron\/\"><img decoding=\"async\" loading=\"lazy\" width=\"300\" height=\"300\" src=\"https:\/\/tempusfugit.mx\/blogniebla\/wp-content\/uploads\/2023\/05\/metatron-sq1-300x300.jpg\" alt=\"\" class=\"wp-image-704\" srcset=\"https:\/\/tempusfugit.mx\/blogniebla\/wp-content\/uploads\/2023\/05\/metatron-sq1-300x300.jpg 300w, https:\/\/tempusfugit.mx\/blogniebla\/wp-content\/uploads\/2023\/05\/metatron-sq1-150x150.jpg 150w, https:\/\/tempusfugit.mx\/blogniebla\/wp-content\/uploads\/2023\/05\/metatron-sq1-768x768.jpg 768w, https:\/\/tempusfugit.mx\/blogniebla\/wp-content\/uploads\/2023\/05\/metatron-sq1-1024x1024.jpg 1024w, https:\/\/tempusfugit.mx\/blogniebla\/wp-content\/uploads\/2023\/05\/metatron-sq1-750x750.jpg 750w, https:\/\/tempusfugit.mx\/blogniebla\/wp-content\/uploads\/2023\/05\/metatron-sq1.jpg 1335w\" sizes=\"(max-width: 300px) 100vw, 300px\" \/><\/a><figcaption class=\"wp-element-caption\"><a href=\"https:\/\/tempusfugit.mx\/blogniebla\/metatron\/\">Metatron<\/a><\/figcaption><\/figure>\n\n\n\n<figure class=\"wp-block-image alignnone\"><a href=\"https:\/\/tempusfugit.mx\/blogniebla\/antichron\/\"><img decoding=\"async\" loading=\"lazy\" width=\"300\" height=\"300\" src=\"https:\/\/tempusfugit.mx\/blogniebla\/wp-content\/uploads\/2023\/05\/Antichron-sq1-300x300.jpg\" alt=\"\" class=\"wp-image-709\" srcset=\"https:\/\/tempusfugit.mx\/blogniebla\/wp-content\/uploads\/2023\/05\/Antichron-sq1-300x300.jpg 300w, https:\/\/tempusfugit.mx\/blogniebla\/wp-content\/uploads\/2023\/05\/Antichron-sq1-150x150.jpg 150w, https:\/\/tempusfugit.mx\/blogniebla\/wp-content\/uploads\/2023\/05\/Antichron-sq1-768x768.jpg 768w, https:\/\/tempusfugit.mx\/blogniebla\/wp-content\/uploads\/2023\/05\/Antichron-sq1-1024x1024.jpg 1024w, https:\/\/tempusfugit.mx\/blogniebla\/wp-content\/uploads\/2023\/05\/Antichron-sq1-750x750.jpg 750w, https:\/\/tempusfugit.mx\/blogniebla\/wp-content\/uploads\/2023\/05\/Antichron-sq1.jpg 1026w\" sizes=\"(max-width: 300px) 100vw, 300px\" \/><\/a><figcaption class=\"wp-element-caption\"><a href=\"https:\/\/tempusfugit.mx\/blogniebla\/antichron\/\">Antichron<\/a><\/figcaption><\/figure>\n\n\n\n<figure class=\"wp-block-image alignnone\"><a href=\"https:\/\/tempusfugit.mx\/blogniebla\/lampara-vorodin\/\"><img decoding=\"async\" loading=\"lazy\" width=\"300\" height=\"300\" src=\"https:\/\/tempusfugit.mx\/blogniebla\/wp-content\/uploads\/2023\/05\/Vorodin-sq5-300x300.jpg\" alt=\"\" class=\"wp-image-708\" srcset=\"https:\/\/tempusfugit.mx\/blogniebla\/wp-content\/uploads\/2023\/05\/Vorodin-sq5-300x300.jpg 300w, https:\/\/tempusfugit.mx\/blogniebla\/wp-content\/uploads\/2023\/05\/Vorodin-sq5-150x150.jpg 150w, https:\/\/tempusfugit.mx\/blogniebla\/wp-content\/uploads\/2023\/05\/Vorodin-sq5-768x767.jpg 768w, https:\/\/tempusfugit.mx\/blogniebla\/wp-content\/uploads\/2023\/05\/Vorodin-sq5-1024x1024.jpg 1024w, https:\/\/tempusfugit.mx\/blogniebla\/wp-content\/uploads\/2023\/05\/Vorodin-sq5-750x749.jpg 750w, https:\/\/tempusfugit.mx\/blogniebla\/wp-content\/uploads\/2023\/05\/Vorodin-sq5.jpg 1216w\" sizes=\"(max-width: 300px) 100vw, 300px\" \/><\/a><figcaption class=\"wp-element-caption\"><a href=\"https:\/\/tempusfugit.mx\/blogniebla\/lampara-vorodin\/\">L\u00e1mpara Voronoi<\/a><\/figcaption><\/figure>\n\n\n\n<figure class=\"wp-block-image alignnone\"><a href=\"https:\/\/tempusfugit.mx\/blogniebla\/yayene\/\"><img decoding=\"async\" loading=\"lazy\" width=\"300\" height=\"300\" src=\"https:\/\/tempusfugit.mx\/blogniebla\/wp-content\/uploads\/2023\/05\/yayene-sd1-300x300.jpg\" alt=\"\" class=\"wp-image-711\" srcset=\"https:\/\/tempusfugit.mx\/blogniebla\/wp-content\/uploads\/2023\/05\/yayene-sd1-300x300.jpg 300w, https:\/\/tempusfugit.mx\/blogniebla\/wp-content\/uploads\/2023\/05\/yayene-sd1-150x150.jpg 150w, https:\/\/tempusfugit.mx\/blogniebla\/wp-content\/uploads\/2023\/05\/yayene-sd1-768x767.jpg 768w, https:\/\/tempusfugit.mx\/blogniebla\/wp-content\/uploads\/2023\/05\/yayene-sd1-1024x1024.jpg 1024w, https:\/\/tempusfugit.mx\/blogniebla\/wp-content\/uploads\/2023\/05\/yayene-sd1-750x749.jpg 750w, https:\/\/tempusfugit.mx\/blogniebla\/wp-content\/uploads\/2023\/05\/yayene-sd1.jpg 1310w\" sizes=\"(max-width: 300px) 100vw, 300px\" \/><\/a><figcaption class=\"wp-element-caption\"><a href=\"https:\/\/tempusfugit.mx\/blogniebla\/yayene\/\">Yayene<\/a><\/figcaption><\/figure>\n\n\n\n<figure class=\"wp-block-image alignnone\"><a href=\"https:\/\/tempusfugit.mx\/blogniebla\/pensador-low-poly\/\"><img decoding=\"async\" loading=\"lazy\" width=\"300\" height=\"300\" src=\"https:\/\/tempusfugit.mx\/blogniebla\/wp-content\/uploads\/2023\/05\/pensador-sq1-300x300.jpg\" alt=\"\" class=\"wp-image-713\" srcset=\"https:\/\/tempusfugit.mx\/blogniebla\/wp-content\/uploads\/2023\/05\/pensador-sq1-300x300.jpg 300w, https:\/\/tempusfugit.mx\/blogniebla\/wp-content\/uploads\/2023\/05\/pensador-sq1-150x150.jpg 150w, https:\/\/tempusfugit.mx\/blogniebla\/wp-content\/uploads\/2023\/05\/pensador-sq1-768x768.jpg 768w, https:\/\/tempusfugit.mx\/blogniebla\/wp-content\/uploads\/2023\/05\/pensador-sq1-1024x1024.jpg 1024w, https:\/\/tempusfugit.mx\/blogniebla\/wp-content\/uploads\/2023\/05\/pensador-sq1-750x750.jpg 750w, https:\/\/tempusfugit.mx\/blogniebla\/wp-content\/uploads\/2023\/05\/pensador-sq1.jpg 1836w\" sizes=\"(max-width: 300px) 100vw, 300px\" \/><\/a><figcaption class=\"wp-element-caption\"><a href=\"https:\/\/tempusfugit.mx\/blogniebla\/pensador-low-poly\/\">El Pensador <em>Low Poly<\/em><\/a><\/figcaption><\/figure>\n\n\n\n<figure class=\"wp-block-image alignnone\"><a href=\"https:\/\/tempusfugit.mx\/blogniebla\/venus-de-milo-low-poly\/\"><img decoding=\"async\" loading=\"lazy\" width=\"300\" height=\"300\" src=\"https:\/\/tempusfugit.mx\/blogniebla\/wp-content\/uploads\/2023\/05\/Venus-sq1-300x300.jpg\" alt=\"\" class=\"wp-image-714\" srcset=\"https:\/\/tempusfugit.mx\/blogniebla\/wp-content\/uploads\/2023\/05\/Venus-sq1-300x300.jpg 300w, https:\/\/tempusfugit.mx\/blogniebla\/wp-content\/uploads\/2023\/05\/Venus-sq1-150x150.jpg 150w, https:\/\/tempusfugit.mx\/blogniebla\/wp-content\/uploads\/2023\/05\/Venus-sq1-768x768.jpg 768w, https:\/\/tempusfugit.mx\/blogniebla\/wp-content\/uploads\/2023\/05\/Venus-sq1-1024x1024.jpg 1024w, https:\/\/tempusfugit.mx\/blogniebla\/wp-content\/uploads\/2023\/05\/Venus-sq1-750x750.jpg 750w, https:\/\/tempusfugit.mx\/blogniebla\/wp-content\/uploads\/2023\/05\/Venus-sq1.jpg 1878w\" sizes=\"(max-width: 300px) 100vw, 300px\" \/><\/a><figcaption class=\"wp-element-caption\"><a href=\"https:\/\/tempusfugit.mx\/blogniebla\/venus-de-milo-low-poly\/\">Venus de Milo <em>Low Poly<\/em><\/a><\/figcaption><\/figure>\n\n\n\n<h2 class=\"wp-block-heading has-vivid-purple-color has-text-color\">Nueva en la colecci\u00f3n:<\/h2>\n\n\n\n<div class=\"wp-block-media-text alignwide is-stacked-on-mobile\" style=\"grid-template-columns:35% auto\"><figure class=\"wp-block-media-text__media\"><a href=\"https:\/\/tempusfugit.mx\/blogniebla\/victoria-alada-de-samotracia\/\"><img decoding=\"async\" loading=\"lazy\" width=\"1024\" height=\"1024\" src=\"https:\/\/tempusfugit.mx\/blogniebla\/wp-content\/uploads\/2023\/06\/DSC01386-sqr1-1024x1024.jpg\" alt=\"\" class=\"wp-image-1102 size-full\" srcset=\"https:\/\/tempusfugit.mx\/blogniebla\/wp-content\/uploads\/2023\/06\/DSC01386-sqr1-1024x1024.jpg 1024w, https:\/\/tempusfugit.mx\/blogniebla\/wp-content\/uploads\/2023\/06\/DSC01386-sqr1-300x300.jpg 300w, https:\/\/tempusfugit.mx\/blogniebla\/wp-content\/uploads\/2023\/06\/DSC01386-sqr1-150x150.jpg 150w, https:\/\/tempusfugit.mx\/blogniebla\/wp-content\/uploads\/2023\/06\/DSC01386-sqr1-768x768.jpg 768w, https:\/\/tempusfugit.mx\/blogniebla\/wp-content\/uploads\/2023\/06\/DSC01386-sqr1-1536x1536.jpg 1536w, https:\/\/tempusfugit.mx\/blogniebla\/wp-content\/uploads\/2023\/06\/DSC01386-sqr1-2048x2048.jpg 2048w, https:\/\/tempusfugit.mx\/blogniebla\/wp-content\/uploads\/2023\/06\/DSC01386-sqr1-750x750.jpg 750w\" sizes=\"(max-width: 1024px) 100vw, 1024px\" \/><\/a><\/figure><div class=\"wp-block-media-text__content\">\n<p><a href=\"https:\/\/tempusfugit.mx\/blogniebla\/victoria-alada-de-samotracia\/\" data-type=\"page\" data-id=\"1097\">Victoria Alada de Samotracia<\/a><\/p>\n<\/div><\/div>\n\n\n\n<h3 class=\"wp-block-heading has-vivid-purple-color has-text-color\"><strong>Para m\u00e1s modelos impresos en 3d de NieblaMorada<br>visita<\/strong><\/h3>\n\n\n\n<h2 class=\"wp-block-heading\"><a href=\"https:\/\/tempusfugit.mx\/blogniebla\/miscelanea-3d\/\" data-type=\"page\" data-id=\"945\">Miscelanea 3d<\/a><\/h2>\n\n\n\n<p>Diversos modelos impresos en 3d disponibles en el cat\u00e1lgo de Niebla Morada<br>\u00a1Escoge el tuyo!<\/p>\n","protected":false},"excerpt":{"rendered":"<p>Arte fino al alcance de cualquiera. Impresas en 3d con acabados en esmalte y\/o acr\u00edlico.Para regalos, coleccionismo, decoraci\u00f3n.Reconocimientos, trofeos, premiaciones.Personalizamos la base con logotipos o textos, para empresas.Reproducciones de esculturas cl\u00e1sicas o arte sobre pedido. Clic en la foto para info sobre la pieza. Nueva en la colecci\u00f3n: Victoria Alada de Samotracia Para m\u00e1s modelos [&hellip;]<\/p>\n","protected":false},"author":1,"featured_media":0,"parent":0,"menu_order":0,"comment_status":"closed","ping_status":"closed","template":"","meta":[],"_links":{"self":[{"href":"https:\/\/tempusfugit.mx\/blogniebla\/wp-json\/wp\/v2\/pages\/1051"}],"collection":[{"href":"https:\/\/tempusfugit.mx\/blogniebla\/wp-json\/wp\/v2\/pages"}],"about":[{"href":"https:\/\/tempusfugit.mx\/blogniebla\/wp-json\/wp\/v2\/types\/page"}],"author":[{"embeddable":true,"href":"https:\/\/tempusfugit.mx\/blogniebla\/wp-json\/wp\/v2\/users\/1"}],"replies":[{"embeddable":true,"href":"https:\/\/tempusfugit.mx\/blogniebla\/wp-json\/wp\/v2\/comments?post=1051"}],"version-history":[{"count":3,"href":"https:\/\/tempusfugit.mx\/blogniebla\/wp-json\/wp\/v2\/pages\/1051\/revisions"}],"predecessor-version":[{"id":1114,"href":"https:\/\/tempusfugit.mx\/blogniebla\/wp-json\/wp\/v2\/pages\/1051\/revisions\/1114"}],"wp:attachment":[{"href":"https:\/\/tempusfugit.mx\/blogniebla\/wp-json\/wp\/v2\/media?parent=1051"}],"curies":[{"name":"wp","href":"https:\/\/api.w.org\/{rel}","templated":true}]}}