{"id":180,"date":"2019-11-28T21:12:09","date_gmt":"2019-11-28T21:12:09","guid":{"rendered":"http:\/\/tempusfugit.mx\/blogniebla\/?page_id=180"},"modified":"2022-03-21T22:11:04","modified_gmt":"2022-03-21T22:11:04","slug":"nuestro-enfoque-del-diseno-y-la-creatividad","status":"publish","type":"page","link":"https:\/\/tempusfugit.mx\/blogniebla\/articulos-sobre-creatividad-y-diseno\/nuestro-enfoque-del-diseno-y-la-creatividad\/","title":{"rendered":"Nuestro Enfoque del Dise\u00f1o y la Creatividad"},"content":{"rendered":"<h1 style=\"text-align: center;\"><span style=\"color: #cc99ff;\">Dise\u00f1o Gr\u00e1fico<\/span><\/h1>\n<h3 style=\"text-align: left;\">Dise\u00f1o Editorial<\/h3>\n<ul>\n<li style=\"text-align: left;\">\n<h4>Dise\u00f1o de Revistas<\/h4>\n<\/li>\n<li style=\"text-align: left;\">\n<h4>Agendas<\/h4>\n<\/li>\n<li style=\"text-align: left;\">\n<h4>Insertos en Prensa<\/h4>\n<\/li>\n<li style=\"text-align: left;\">\n<h4>Folleter\u00eda<\/h4>\n<\/li>\n<li style=\"text-align: left;\">\n<h4>Informes Anuales<\/h4>\n<\/li>\n<\/ul>\n<p>La Comunicaci\u00f3n impresa requiere de experiencia y conocimientos t\u00e9cnicos especializados.<br \/>\nDe una parte, el manejo de la informaci\u00f3n con formatos adecuados que permitan legibilidad, apoyos gr\u00e1ficos que enriquezcan el mensaje y un estilo que sugiera, sin decirlo, la calidad del emisor.<br \/>\nPor otra parte, los conocimientos t\u00e9cnicos en las \u00e1reas de formaci\u00f3n electr\u00f3nica, preprensa, prensas y rotativas, as\u00ed como manejo del color y correcci\u00f3n digital.<\/p>\n<h3 style=\"text-align: left;\">Identidad Corporativa<\/h3>\n<ul>\n<li style=\"text-align: left;\">\n<h4>Logotipo y Marca<\/h4>\n<\/li>\n<li style=\"text-align: left;\">\n<h4>Manual de Identidad<\/h4>\n<\/li>\n<li style=\"text-align: left;\">\n<h4>Papeler\u00eda B\u00e1sica<\/h4>\n<\/li>\n<li style=\"text-align: left;\">\n<h4>Aplicaciones<\/h4>\n<\/li>\n<\/ul>\n<p>El dise\u00f1o moderno maneja par\u00e1metros diferentes al mundo de hace diez a\u00f1os. La imaginer\u00eda actual es influenciada por un mayor n\u00famero de medios. La tecnolog\u00eda permite mejorar la calidad de los impresos y de los procesos de dise\u00f1o, reduciendo costos y tiempo.<br \/>\nLa rapidez de la informaci\u00f3n y la cada vez m\u00e1s difusa frontera entre los medios nos hacen ver el mundo de manera diferente.<br \/>\nEl dise\u00f1o de logotipos y marcas y la comunicaci\u00f3n de la identidad no pueden quedar al margen.<\/p>\n<h3>Presentaciones<\/h3>\n<ul>\n<li>\n<h4>Programas de Apoyo<\/h4>\n<\/li>\n<li>\n<h4>Propuestas Comerciales<\/h4>\n<\/li>\n<li>\n<h4>Estrategias de Mercadotecnia<\/h4>\n<\/li>\n<li>\n<h4>Planes de negocio<\/h4>\n<\/li>\n<li>\n<h4>Informes<\/h4>\n<\/li>\n<li>\n<h4>Divulgaci\u00f3n de Bienes y Servicios<\/h4>\n<\/li>\n<\/ul>\n<p>Dar a conocer las ideas abstractas es tarea espec\u00edfica del \u201cinfodesigner\u201d. A trav\u00e9s de t\u00e9cnicas de manejo de informaci\u00f3n y el conocimiento espec\u00edfico de la psicolog\u00eda de la visi\u00f3n (color, rapidez de lectura, asociaci\u00f3n de ideas etc.) el dise\u00f1ador desarrolla un medio \u00fanico para cada tipo de mensaje; una \u201cinterfase\u201d a trav\u00e9s de la cual el receptor comprende r\u00e1pidamente los puntos escenciales de un bien o servicio.<br \/>\nLos materiales finales pueden ser: cuadernillos impresos, material proyectable, c\u00e1psulas en video, motion graphics para redes sociales, videos para la red, aplicaciones para smartphones y Memory sticks interactivos.<\/p>\n<h3>Dise\u00f1o de Empaque<\/h3>\n<ul>\n<li>\n<h4>Etiquetas<\/h4>\n<\/li>\n<li>\n<h4>Cajetillas<\/h4>\n<\/li>\n<li>\n<h4>Bolsas<\/h4>\n<\/li>\n<li>\n<h4>Cajas<\/h4>\n<\/li>\n<\/ul>\n<p>Un buen producto llega a las manos del consumidor por su presentaci\u00f3n. Si esta, adem\u00e1s de ser llamativa, informa de las propiedades y ventajas de una manera eficiente, y al mismo tiempo evoca la calidad del fabricante, el poder de atracci\u00f3n se combina con la necesidad previa del consumidor.<br \/>\nComo en otras disciplinas de dise\u00f1o, la mezcla de experiencia y conocimientos t\u00e9cnicos de producci\u00f3n hacen la diferencia entre un dise\u00f1o \u201cbonito\u00bb y uno de calidad profesional.<\/p>\n<h3>Se\u00f1al\u00e9tica<\/h3>\n<ul>\n<li>\n<h4>Ideogramas<\/h4>\n<\/li>\n<li>\n<h4>Se\u00f1alizaci\u00f3n Publicitaria<\/h4>\n<\/li>\n<li>\n<h4>Se\u00f1alizaci\u00f3n como elemento de Identidad corporativa o imagen de marca<\/h4>\n<\/li>\n<li>\n<h4>Signos de Servicio<\/h4>\n<\/li>\n<li>\n<h4>Se\u00f1al\u00e9tica interna y externa<\/h4>\n<\/li>\n<\/ul>\n<p>Un transe\u00fante en una instalaci\u00f3n, una oficina, una ciudad o un entorno p\u00fablico requiere de informaci\u00f3n oportuna y legible que sea captada en los ambientes m\u00e1s adversos; en solo segundos debe conocer un mensaje sin importar la existencia de im\u00e1genes distractivas; la rapidez con que se desplaza; la distancia relativa; la complejidad de la idea; la interactuaci\u00f3n con otros posibles transe\u00fantes etc.<br \/>\nEl conocimiento de la forma, el color, la abstracci\u00f3n de ideas y la psicolog\u00eda del receptor son escenciales en el buen dise\u00f1o.<\/p>\n<h3>Gr\u00e1ficos Publicitarios y Promocionales<\/h3>\n<ul>\n<li>\n<h4>Campa\u00f1as<\/h4>\n<\/li>\n<li>\n<h4>Cat\u00e1logos<\/h4>\n<\/li>\n<li>\n<h4>Insertos en Peri\u00f3dicos<\/h4>\n<\/li>\n<li>\n<h4>Posters<\/h4>\n<\/li>\n<li>\n<h4>Carteleras Espectaculares<\/h4>\n<\/li>\n<\/ul>\n<p>Una consistencia entre el estilo, el formato y la intenci\u00f3n de comunicaci\u00f3n son fundamentales para que un mensaje se divulgue por diferentes medios.<br \/>\nLegibilidad, contemporaneidad e impacto,son fundamentales. Combinar la llamada de atenci\u00f3n, el motivo recordable y el concepto claro es un arte que requiere experiencia y oficio.<br \/>\nDiversas piezas impresas requieren un tratamiento profesional seg\u00fan sea el tama\u00f1o, la cantidad de tintas y su medio de reproducci\u00f3n.<\/p>\n<h1 style=\"text-align: center;\"><span style=\"color: #cc99ff;\">Dise\u00f1o de Espacios y Objetos<\/span><\/h1>\n<h3>Dise\u00f1o Industrial<\/h3>\n<ul>\n<li>\n<h4>Mobiliario<\/h4>\n<\/li>\n<li>\n<h4>Material P.O.P.<\/h4>\n<\/li>\n<li>\n<h4>Exhibidores<\/h4>\n<\/li>\n<li>\n<h4>Objetos<\/h4>\n<\/li>\n<li>\n<h4>T\u00e9cnicos de Uso<\/h4>\n<\/li>\n<\/ul>\n<p>La conciencia t\u00e1ctil del receptor de un mensaje apela a asociaciones, evocaciones y sugerencias que dependen en gran medida de materiales, formas convenientes y funcionales y estilo.<br \/>\nComunicar a trav\u00e9s de objetos requiere manejar con acierto las posibilidades del material y el impacto visual de un mensaje, no necesariamente literal.<\/p>\n<h3>Ambientaci\u00f3n e Interiorismo<\/h3>\n<ul>\n<li>\n<h4>StandsEscaparatismo<\/h4>\n<\/li>\n<li>\n<h4>Interiores de oficinas y establecimientos comerciales<\/h4>\n<\/li>\n<li>\n<h4>Exhibiciones<\/h4>\n<\/li>\n<li>\n<h4>Escenograf\u00eda<\/h4>\n<\/li>\n<\/ul>\n<p>El espacio tridimensional permite, con un juego de planos, vol\u00famenes, iluminaci\u00f3n y control de tr\u00e1nsito, impactar al usuario con un mensaje espec\u00edfico.<br \/>\nDesarrollar proyectos en los que se funde el conocimiento de materiales, el ensamble de alta calidad y la direcci\u00f3n art\u00edstica ha dado Total Design un lugar preminente atrav\u00e9s de a\u00f1os de experiencia intercontinental.<\/p>\n<h3>Arquitectura<\/h3>\n<ul>\n<li>\n<h4>Dise\u00f1o de espacios funcionales interiores y exteriores para mercadotecnia<\/h4>\n<\/li>\n<li>\n<h4>Ferias tem\u00e1ticas<\/h4>\n<\/li>\n<li>\n<h4>Tiendas en plazas comerciales<\/h4>\n<\/li>\n<\/ul>\n<p>El espacio funcional, sea un almac\u00e9n, una oficina o un grupo de establecimientos, comunica valores perceptuales y mensajes mercadot\u00e9cnicos independientemente de la conciencia que tengamos de ello.<br \/>\nTotal Design estudia con detenimiento las intenciones mercadot\u00e9cnicas de las empresas al momento que deciden construir un espacio p\u00fablico, y determina estilo y uso de materiales e integra mensajes y funcionalidad con acierto est\u00e9tico.<\/p>\n<h1 style=\"text-align: center;\"><span style=\"color: #cc99ff;\">Identidad Global<\/span><\/h1>\n<p>Es una imagen mental especialmente fuerte y estable que ha sido generada por el conjunto coherente de todos los mensajes que la empresa emite en el espacio-tiempo. La imagen global se opone al fen\u00f3meno corriente de im\u00e1genes parciales o tambi\u00e9n heteroim\u00e1genes que se generan en la pr\u00e1ctica.<br \/>\nLa sucesi\u00f3n y la coexistencia de mensajes diferentes puede ser particularmente intencionada y dirigida, y abarca la identidad corporativa, el dise\u00f1o arquitect\u00f3nico y ambiental, el dise\u00f1o de productos, la se\u00f1al\u00e9tica, el grafismo de informaci\u00f3n, editorial y publicitario, la publicidad est\u00e1tica, los objetos.<br \/>\nTodos los elementos visuales, gr\u00e1ficos, tridimensionales y audiovisuales coordinados, configuran una imagen psicol\u00f3gica multiforme pero homog\u00e9nea, integrada y sin fisuras que se caracteriza por su car\u00e1cter global.<\/p>\n<h1 style=\"text-align: center;\"><span style=\"color: #cc99ff;\">Social Media Management<\/span><\/h1>\n<p>El caso contempor\u00e1neo m\u00e1s representativo de la Identidad Global es el manejo de comunicaci\u00f3n y promoci\u00f3n por medio de Redes Sociales.<\/p>\n<p>La primera tarea que debe llevar a cabo el Social Media Manager es realizar un Estudio de Mercado.<br \/>\nInvestigar qu\u00e9 quieren los consumidores del bien o servicio, d\u00f3nde se encuentran, cu\u00e1les son las redes en las que es posible encontrarlos, qu\u00e9 tipo de contenido prefieren.<br \/>\nA partir de los resultados de esta investigaci\u00f3n o estudio se podr\u00e1 elaborar un plan de Social Media. A partir de ello, en Niebla Morada creamos, introducimos y lideramos la estrategia para que la empresa sea exitosa en las redes sociales y en el proceso, analizamos e interpretamos los datos que obtenemos de las campa\u00f1as a trav\u00e9s de herramientas de an\u00e1lisis como KPI\u2019s, ROI y Web Analytics.<\/p>\n<p>Niebla Morada adem\u00e1s de desarrollar, implementar y manejar la estrategia de redes, coordina a los Creadores de Contenido y a los Community Manager.<br \/>\nEl contenido es parte esencial de cualquier negocio relacionado con el marketing, pero es necesario adaptarlo a cualquiera de las redes sociales en las que nos movamos. tanto para atraer \u201cme gustas\u201d o sintetizar art\u00edculos en 140 caracteres, y la psicolog\u00eda y la experiencia de comunicaci\u00f3n son fundamentales . Estas actividades se soportan con un s\u00f3lido contenido audiovisual que de apoyo a los mensajes<\/p>\n<p>Dise\u00f1ar la presencia de la marca en los medios sociales, manejar inteligentemente el y presupuesto, son tan importantes como dise\u00f1ar el plan de contingencia ante las crisis que pudieran suscitarse. Protocolos para tratar clientes insatisfechos con motivos validos, molestos <em>trolls<\/em>, clientes que reciben un producto o servicio defectuoso, etc. Protocolos que tambi\u00e9n se ajustan a la pol\u00edtica de comunicaci\u00f3n y a la Identidad Global de la Compa\u00f1\u00eda o la Marca.<\/p>\n<p>No todas las empresas cuentan con profesionales especializados en marketing digital, capaces de planificar y gestionar campa\u00f1as adecuadas a este nuevo formato. Niebla Morada est\u00e1 atento a la demanda de profesionales Social Media que se ha disparado junto con sectores como el marketing digital y el e-commerce y ofrece sus servicios de gestor\u00eda en ese rubro tan contempor\u00e1neo.<\/p>\n<h1 style=\"text-align: center;\"><span style=\"color: #cc99ff;\">Equipo de Trabajo de Niebla Morada<\/span><\/h1>\n<p style=\"text-align: center;\">El desarrollo de la Imagen Global de una empresa es la meta a la que el equipo de Niebla Morada enfoca su trabajo.<br \/>\nEl equipo de trabajo de Niebla Morada est\u00e1 formado por especialistas de disciplinas enfocadas a la Comunicaci\u00f3n Espacio \/ Visi\u00f3n.<\/p>\n","protected":false},"excerpt":{"rendered":"<p>Dise\u00f1o Gr\u00e1fico Dise\u00f1o Editorial Dise\u00f1o de Revistas Agendas Insertos en Prensa Folleter\u00eda Informes Anuales La Comunicaci\u00f3n impresa requiere de experiencia y conocimientos t\u00e9cnicos especializados. De una parte, el manejo de la informaci\u00f3n con formatos adecuados que permitan legibilidad, apoyos gr\u00e1ficos que enriquezcan el mensaje y un estilo que sugiera, sin decirlo, la calidad del emisor. [&hellip;]<\/p>\n","protected":false},"author":1,"featured_media":0,"parent":40,"menu_order":1,"comment_status":"closed","ping_status":"closed","template":"","meta":[],"_links":{"self":[{"href":"https:\/\/tempusfugit.mx\/blogniebla\/wp-json\/wp\/v2\/pages\/180"}],"collection":[{"href":"https:\/\/tempusfugit.mx\/blogniebla\/wp-json\/wp\/v2\/pages"}],"about":[{"href":"https:\/\/tempusfugit.mx\/blogniebla\/wp-json\/wp\/v2\/types\/page"}],"author":[{"embeddable":true,"href":"https:\/\/tempusfugit.mx\/blogniebla\/wp-json\/wp\/v2\/users\/1"}],"replies":[{"embeddable":true,"href":"https:\/\/tempusfugit.mx\/blogniebla\/wp-json\/wp\/v2\/comments?post=180"}],"version-history":[{"count":10,"href":"https:\/\/tempusfugit.mx\/blogniebla\/wp-json\/wp\/v2\/pages\/180\/revisions"}],"predecessor-version":[{"id":439,"href":"https:\/\/tempusfugit.mx\/blogniebla\/wp-json\/wp\/v2\/pages\/180\/revisions\/439"}],"up":[{"embeddable":true,"href":"https:\/\/tempusfugit.mx\/blogniebla\/wp-json\/wp\/v2\/pages\/40"}],"wp:attachment":[{"href":"https:\/\/tempusfugit.mx\/blogniebla\/wp-json\/wp\/v2\/media?parent=180"}],"curies":[{"name":"wp","href":"https:\/\/api.w.org\/{rel}","templated":true}]}}

Nuestro Enfoque del Diseño y la Creatividad

<h1 style="text-align: center;"><span style="color: #cc99ff;">Diseño Gráfico</span></h1>
<h3 style="text-align: left;">Diseño Editorial</h3>
<ul>
<li style="text-align: left;">
<h4>Diseño de Revistas</h4>
</li>
<li style="text-align: left;">
<h4>Agendas</h4>
</li>
<li style="text-align: left;">
<h4>Insertos en Prensa</h4>
</li>
<li style="text-align: left;">
<h4>Folletería</h4>
</li>
<li style="text-align: left;">
<h4>Informes Anuales</h4>
</li>
</ul>
<p>La Comunicación impresa requiere de experiencia y conocimientos técnicos especializados.<br />
De una parte, el manejo de la información con formatos adecuados que permitan legibilidad, apoyos gráficos que enriquezcan el mensaje y un estilo que sugiera, sin decirlo, la calidad del emisor.<br />
Por otra parte, los conocimientos técnicos en las áreas de formación electrónica, preprensa, prensas y rotativas, así como manejo del color y corrección digital.</p>
<h3 style="text-align: left;">Identidad Corporativa</h3>
<ul>
<li style="text-align: left;">
<h4>Logotipo y Marca</h4>
</li>
<li style="text-align: left;">
<h4>Manual de Identidad</h4>
</li>
<li style="text-align: left;">
<h4>Papelería Básica</h4>
</li>
<li style="text-align: left;">
<h4>Aplicaciones</h4>
</li>
</ul>
<p>El diseño moderno maneja parámetros diferentes al mundo de hace diez años. La imaginería actual es influenciada por un mayor número de medios. La tecnología permite mejorar la calidad de los impresos y de los procesos de diseño, reduciendo costos y tiempo.<br />
La rapidez de la información y la cada vez más difusa frontera entre los medios nos hacen ver el mundo de manera diferente.<br />
El diseño de logotipos y marcas y la comunicación de la identidad no pueden quedar al margen.</p>
<h3>Presentaciones</h3>
<ul>
<li>
<h4>Programas de Apoyo</h4>
</li>
<li>
<h4>Propuestas Comerciales</h4>
</li>
<li>
<h4>Estrategias de Mercadotecnia</h4>
</li>
<li>
<h4>Planes de negocio</h4>
</li>
<li>
<h4>Informes</h4>
</li>
<li>
<h4>Divulgación de Bienes y Servicios</h4>
</li>
</ul>
<p>Dar a conocer las ideas abstractas es tarea específica del “infodesigner”. A través de técnicas de manejo de información y el conocimiento específico de la psicología de la visión (color, rapidez de lectura, asociación de ideas etc.) el diseñador desarrolla un medio único para cada tipo de mensaje; una “interfase” a través de la cual el receptor comprende rápidamente los puntos escenciales de un bien o servicio.<br />
Los materiales finales pueden ser: cuadernillos impresos, material proyectable, cápsulas en video, motion graphics para redes sociales, videos para la red, aplicaciones para smartphones y Memory sticks interactivos.</p>
<h3>Diseño de Empaque</h3>
<ul>
<li>
<h4>Etiquetas</h4>
</li>
<li>
<h4>Cajetillas</h4>
</li>
<li>
<h4>Bolsas</h4>
</li>
<li>
<h4>Cajas</h4>
</li>
</ul>
<p>Un buen producto llega a las manos del consumidor por su presentación. Si esta, además de ser llamativa, informa de las propiedades y ventajas de una manera eficiente, y al mismo tiempo evoca la calidad del fabricante, el poder de atracción se combina con la necesidad previa del consumidor.<br />
Como en otras disciplinas de diseño, la mezcla de experiencia y conocimientos técnicos de producción hacen la diferencia entre un diseño “bonito» y uno de calidad profesional.</p>
<h3>Señalética</h3>
<ul>
<li>
<h4>Ideogramas</h4>
</li>
<li>
<h4>Señalización Publicitaria</h4>
</li>
<li>
<h4>Señalización como elemento de Identidad corporativa o imagen de marca</h4>
</li>
<li>
<h4>Signos de Servicio</h4>
</li>
<li>
<h4>Señalética interna y externa</h4>
</li>
</ul>
<p>Un transeúnte en una instalación, una oficina, una ciudad o un entorno público requiere de información oportuna y legible que sea captada en los ambientes más adversos; en solo segundos debe conocer un mensaje sin importar la existencia de imágenes distractivas; la rapidez con que se desplaza; la distancia relativa; la complejidad de la idea; la interactuación con otros posibles transeúntes etc.<br />
El conocimiento de la forma, el color, la abstracción de ideas y la psicología del receptor son escenciales en el buen diseño.</p>
<h3>Gráficos Publicitarios y Promocionales</h3>
<ul>
<li>
<h4>Campañas</h4>
</li>
<li>
<h4>Catálogos</h4>
</li>
<li>
<h4>Insertos en Periódicos</h4>
</li>
<li>
<h4>Posters</h4>
</li>
<li>
<h4>Carteleras Espectaculares</h4>
</li>
</ul>
<p>Una consistencia entre el estilo, el formato y la intención de comunicación son fundamentales para que un mensaje se divulgue por diferentes medios.<br />
Legibilidad, contemporaneidad e impacto,son fundamentales. Combinar la llamada de atención, el motivo recordable y el concepto claro es un arte que requiere experiencia y oficio.<br />
Diversas piezas impresas requieren un tratamiento profesional según sea el tamaño, la cantidad de tintas y su medio de reproducción.</p>
<h1 style="text-align: center;"><span style="color: #cc99ff;">Diseño de Espacios y Objetos</span></h1>
<h3>Diseño Industrial</h3>
<ul>
<li>
<h4>Mobiliario</h4>
</li>
<li>
<h4>Material P.O.P.</h4>
</li>
<li>
<h4>Exhibidores</h4>
</li>
<li>
<h4>Objetos</h4>
</li>
<li>
<h4>Técnicos de Uso</h4>
</li>
</ul>
<p>La conciencia táctil del receptor de un mensaje apela a asociaciones, evocaciones y sugerencias que dependen en gran medida de materiales, formas convenientes y funcionales y estilo.<br />
Comunicar a través de objetos requiere manejar con acierto las posibilidades del material y el impacto visual de un mensaje, no necesariamente literal.</p>
<h3>Ambientación e Interiorismo</h3>
<ul>
<li>
<h4>StandsEscaparatismo</h4>
</li>
<li>
<h4>Interiores de oficinas y establecimientos comerciales</h4>
</li>
<li>
<h4>Exhibiciones</h4>
</li>
<li>
<h4>Escenografía</h4>
</li>
</ul>
<p>El espacio tridimensional permite, con un juego de planos, volúmenes, iluminación y control de tránsito, impactar al usuario con un mensaje específico.<br />
Desarrollar proyectos en los que se funde el conocimiento de materiales, el ensamble de alta calidad y la dirección artística ha dado Total Design un lugar preminente através de años de experiencia intercontinental.</p>
<h3>Arquitectura</h3>
<ul>
<li>
<h4>Diseño de espacios funcionales interiores y exteriores para mercadotecnia</h4>
</li>
<li>
<h4>Ferias temáticas</h4>
</li>
<li>
<h4>Tiendas en plazas comerciales</h4>
</li>
</ul>
<p>El espacio funcional, sea un almacén, una oficina o un grupo de establecimientos, comunica valores perceptuales y mensajes mercadotécnicos independientemente de la conciencia que tengamos de ello.<br />
Total Design estudia con detenimiento las intenciones mercadotécnicas de las empresas al momento que deciden construir un espacio público, y determina estilo y uso de materiales e integra mensajes y funcionalidad con acierto estético.</p>
<h1 style="text-align: center;"><span style="color: #cc99ff;">Identidad Global</span></h1>
<p>Es una imagen mental especialmente fuerte y estable que ha sido generada por el conjunto coherente de todos los mensajes que la empresa emite en el espacio-tiempo. La imagen global se opone al fenómeno corriente de imágenes parciales o también heteroimágenes que se generan en la práctica.<br />
La sucesión y la coexistencia de mensajes diferentes puede ser particularmente intencionada y dirigida, y abarca la identidad corporativa, el diseño arquitectónico y ambiental, el diseño de productos, la señalética, el grafismo de información, editorial y publicitario, la publicidad estática, los objetos.<br />
Todos los elementos visuales, gráficos, tridimensionales y audiovisuales coordinados, configuran una imagen psicológica multiforme pero homogénea, integrada y sin fisuras que se caracteriza por su carácter global.</p>
<h1 style="text-align: center;"><span style="color: #cc99ff;">Social Media Management</span></h1>
<p>El caso contemporáneo más representativo de la Identidad Global es el manejo de comunicación y promoción por medio de Redes Sociales.</p>
<p>La primera tarea que debe llevar a cabo el Social Media Manager es realizar un Estudio de Mercado.<br />
Investigar qué quieren los consumidores del bien o servicio, dónde se encuentran, cuáles son las redes en las que es posible encontrarlos, qué tipo de contenido prefieren.<br />
A partir de los resultados de esta investigación o estudio se podrá elaborar un plan de Social Media. A partir de ello, en Niebla Morada creamos, introducimos y lideramos la estrategia para que la empresa sea exitosa en las redes sociales y en el proceso, analizamos e interpretamos los datos que obtenemos de las campañas a través de herramientas de análisis como KPI’s, ROI y Web Analytics.</p>
<p>Niebla Morada además de desarrollar, implementar y manejar la estrategia de redes, coordina a los Creadores de Contenido y a los Community Manager.<br />
El contenido es parte esencial de cualquier negocio relacionado con el marketing, pero es necesario adaptarlo a cualquiera de las redes sociales en las que nos movamos. tanto para atraer “me gustas” o sintetizar artículos en 140 caracteres, y la psicología y la experiencia de comunicación son fundamentales . Estas actividades se soportan con un sólido contenido audiovisual que de apoyo a los mensajes</p>
<p>Diseñar la presencia de la marca en los medios sociales, manejar inteligentemente el y presupuesto, son tan importantes como diseñar el plan de contingencia ante las crisis que pudieran suscitarse. Protocolos para tratar clientes insatisfechos con motivos validos, molestos <em>trolls</em>, clientes que reciben un producto o servicio defectuoso, etc. Protocolos que también se ajustan a la política de comunicación y a la Identidad Global de la Compañía o la Marca.</p>
<p>No todas las empresas cuentan con profesionales especializados en marketing digital, capaces de planificar y gestionar campañas adecuadas a este nuevo formato. Niebla Morada está atento a la demanda de profesionales Social Media que se ha disparado junto con sectores como el marketing digital y el e-commerce y ofrece sus servicios de gestoría en ese rubro tan contemporáneo.</p>
<h1 style="text-align: center;"><span style="color: #cc99ff;">Equipo de Trabajo de Niebla Morada</span></h1>
<p style="text-align: center;">El desarrollo de la Imagen Global de una empresa es la meta a la que el equipo de Niebla Morada enfoca su trabajo.<br />
El equipo de trabajo de Niebla Morada está formado por especialistas de disciplinas enfocadas a la Comunicación Espacio / Visión.</p>

<p>Diseño Gráfico Diseño Editorial Diseño de Revistas Agendas Insertos en Prensa Folletería Informes Anuales La Comunicación impresa requiere de experiencia y conocimientos técnicos especializados. De una parte, el manejo de la información con formatos adecuados que permitan legibilidad, apoyos gráficos que enriquezcan el mensaje y un estilo que sugiera, sin decirlo, la calidad del emisor. [&hellip;]</p>
