{"id":244,"date":"2021-04-07T02:06:21","date_gmt":"2021-04-07T02:06:21","guid":{"rendered":"http:\/\/tempusfugit.mx\/blogniebla\/?page_id=244"},"modified":"2021-04-07T04:49:50","modified_gmt":"2021-04-07T04:49:50","slug":"social-media-management","status":"publish","type":"page","link":"https:\/\/tempusfugit.mx\/blogniebla\/articulos-sobre-creatividad-y-diseno\/social-media-management\/","title":{"rendered":"Social Media Management"},"content":{"rendered":"<h1>Identidad Global<\/h1>\n<p>Es una imagen mental especialmente fuerte y estable que ha sido generada por el conjunto coherente de todos los mensajes que la empresa emite en el espacio-tiempo. La imagen global se opone al fen\u00f3meno corriente de im\u00e1genes parciales o tambi\u00e9n heteroim\u00e1genes que se generan en la pr\u00e1ctica.<br \/>\nLa sucesi\u00f3n y la coexistencia de mensajes diferentes puede ser particularmente intencionada y dirigida, y abarca la identidad corporativa, el dise\u00f1o arquitect\u00f3nico y ambiental, el dise\u00f1o de productos, la se\u00f1al\u00e9tica, el grafismo de informaci\u00f3n, editorial y publicitario, la publicidad est\u00e1tica, los objetos.<br \/>\nTodos los elementos visuales, gr\u00e1ficos, tridimensionales y audiovisuales coordinados, configuran una imagen psicol\u00f3gica multiforme pero homog\u00e9nea, integrada y sin fisuras que se caracteriza por su car\u00e1cter global.<\/p>\n<h1>Social Media Management<\/h1>\n<p>El caso contempor\u00e1neo m\u00e1s representativo de la Identidad Global es el manejo de comunicaci\u00f3n y promoci\u00f3n por medio de Redes Sociales.<\/p>\n<p>La primera tarea que debe llevar a cabo el Social Media Manager es realizar un Estudio de Mercado.<br \/>\nInvestigar qu\u00e9 quieren los consumidores del bien o servicio, d\u00f3nde se encuentran, cu\u00e1les son las redes en las que es posible encontrarlos, qu\u00e9 tipo de contenido prefieren.<br \/>\nA partir de los resultados de esta investigaci\u00f3n o estudio se podr\u00e1 elaborar un plan de Social Media. A partir de ello, en Niebla Morada creamos, introducimos y lideramos la estrategia para que la empresa sea exitosa en las redes sociales y en el proceso, analizamos e interpretamos los datos que obtenemos de las campa\u00f1as a trav\u00e9s de herramientas de an\u00e1lisis como KPI\u2019s, ROI y Web Analytics.<\/p>\n<p>Niebla Morada adem\u00e1s de desarrollar, implementar y manejar la estrategia de redes, coordina a los Creadores de Contenido y a los Community Manager.<br \/>\nEl contenido es parte esencial de cualquier negocio relacionado con el marketing, pero es necesario adaptarlo a cualquiera de las redes sociales en las que nos movamos. tanto para atraer \u201cme gustas\u201d o sintetizar art\u00edculos en 140 caracteres, y la psicolog\u00eda y la experiencia de comunicaci\u00f3n son fundamentales . Estas actividades se soportan con un s\u00f3lido contenido audiovisual que d\u00e9 apoyo a los mensajes<\/p>\n<p>Dise\u00f1ar la presencia de la marca en los medios sociales, y manejar inteligentemente el\u00a0 presupuesto, son tan importantes como dise\u00f1ar un plan de contingencia ante las crisis que pudieran suscitarse. Protocolos para tratar a clientes insatisfechos con motivos v\u00e1lidos, a molestos\u00a0<em>trolls<\/em>, a clientes que reciben un producto o servicio defectuoso, etc. Protocolos que tambi\u00e9n se ajustan a la pol\u00edtica de comunicaci\u00f3n y a la Identidad Global de la Compa\u00f1\u00eda o la Marca.<\/p>\n<p>No todas las empresas cuentan con profesionales especializados en marketing digital, capaces de planificar y gestionar campa\u00f1as adecuadas a este nuevo formato. Niebla Morada est\u00e1 atento a la demanda de profesionales Social Media que se ha disparado junto con sectores como el marketing digital y el e-commerce y ofrece sus servicios de gestor\u00eda en ese rubro tan contempor\u00e1neo.<\/p>\n","protected":false},"excerpt":{"rendered":"<p>Identidad Global Es una imagen mental especialmente fuerte y estable que ha sido generada por el conjunto coherente de todos los mensajes que la empresa emite en el espacio-tiempo. La imagen global se opone al fen\u00f3meno corriente de im\u00e1genes parciales o tambi\u00e9n heteroim\u00e1genes que se generan en la pr\u00e1ctica. La sucesi\u00f3n y la coexistencia de [&hellip;]<\/p>\n","protected":false},"author":1,"featured_media":0,"parent":40,"menu_order":3,"comment_status":"closed","ping_status":"closed","template":"","meta":[],"_links":{"self":[{"href":"https:\/\/tempusfugit.mx\/blogniebla\/wp-json\/wp\/v2\/pages\/244"}],"collection":[{"href":"https:\/\/tempusfugit.mx\/blogniebla\/wp-json\/wp\/v2\/pages"}],"about":[{"href":"https:\/\/tempusfugit.mx\/blogniebla\/wp-json\/wp\/v2\/types\/page"}],"author":[{"embeddable":true,"href":"https:\/\/tempusfugit.mx\/blogniebla\/wp-json\/wp\/v2\/users\/1"}],"replies":[{"embeddable":true,"href":"https:\/\/tempusfugit.mx\/blogniebla\/wp-json\/wp\/v2\/comments?post=244"}],"version-history":[{"count":3,"href":"https:\/\/tempusfugit.mx\/blogniebla\/wp-json\/wp\/v2\/pages\/244\/revisions"}],"predecessor-version":[{"id":258,"href":"https:\/\/tempusfugit.mx\/blogniebla\/wp-json\/wp\/v2\/pages\/244\/revisions\/258"}],"up":[{"embeddable":true,"href":"https:\/\/tempusfugit.mx\/blogniebla\/wp-json\/wp\/v2\/pages\/40"}],"wp:attachment":[{"href":"https:\/\/tempusfugit.mx\/blogniebla\/wp-json\/wp\/v2\/media?parent=244"}],"curies":[{"name":"wp","href":"https:\/\/api.w.org\/{rel}","templated":true}]}}

<h1>Identidad Global</h1>
<p>Es una imagen mental especialmente fuerte y estable que ha sido generada por el conjunto coherente de todos los mensajes que la empresa emite en el espacio-tiempo. La imagen global se opone al fenómeno corriente de imágenes parciales o también heteroimágenes que se generan en la práctica.<br />
La sucesión y la coexistencia de mensajes diferentes puede ser particularmente intencionada y dirigida, y abarca la identidad corporativa, el diseño arquitectónico y ambiental, el diseño de productos, la señalética, el grafismo de información, editorial y publicitario, la publicidad estática, los objetos.<br />
Todos los elementos visuales, gráficos, tridimensionales y audiovisuales coordinados, configuran una imagen psicológica multiforme pero homogénea, integrada y sin fisuras que se caracteriza por su carácter global.</p>
<h1>Social Media Management</h1>
<p>El caso contemporáneo más representativo de la Identidad Global es el manejo de comunicación y promoción por medio de Redes Sociales.</p>
<p>La primera tarea que debe llevar a cabo el Social Media Manager es realizar un Estudio de Mercado.<br />
Investigar qué quieren los consumidores del bien o servicio, dónde se encuentran, cuáles son las redes en las que es posible encontrarlos, qué tipo de contenido prefieren.<br />
A partir de los resultados de esta investigación o estudio se podrá elaborar un plan de Social Media. A partir de ello, en Niebla Morada creamos, introducimos y lideramos la estrategia para que la empresa sea exitosa en las redes sociales y en el proceso, analizamos e interpretamos los datos que obtenemos de las campañas a través de herramientas de análisis como KPI’s, ROI y Web Analytics.</p>
<p>Niebla Morada además de desarrollar, implementar y manejar la estrategia de redes, coordina a los Creadores de Contenido y a los Community Manager.<br />
El contenido es parte esencial de cualquier negocio relacionado con el marketing, pero es necesario adaptarlo a cualquiera de las redes sociales en las que nos movamos. tanto para atraer “me gustas” o sintetizar artículos en 140 caracteres, y la psicología y la experiencia de comunicación son fundamentales . Estas actividades se soportan con un sólido contenido audiovisual que dé apoyo a los mensajes</p>
<p>Diseñar la presencia de la marca en los medios sociales, y manejar inteligentemente el  presupuesto, son tan importantes como diseñar un plan de contingencia ante las crisis que pudieran suscitarse. Protocolos para tratar a clientes insatisfechos con motivos válidos, a molestos <em>trolls</em>, a clientes que reciben un producto o servicio defectuoso, etc. Protocolos que también se ajustan a la política de comunicación y a la Identidad Global de la Compañía o la Marca.</p>
<p>No todas las empresas cuentan con profesionales especializados en marketing digital, capaces de planificar y gestionar campañas adecuadas a este nuevo formato. Niebla Morada está atento a la demanda de profesionales Social Media que se ha disparado junto con sectores como el marketing digital y el e-commerce y ofrece sus servicios de gestoría en ese rubro tan contemporáneo.</p>

<p>Identidad Global Es una imagen mental especialmente fuerte y estable que ha sido generada por el conjunto coherente de todos los mensajes que la empresa emite en el espacio-tiempo. La imagen global se opone al fenómeno corriente de imágenes parciales o también heteroimágenes que se generan en la práctica. La sucesión y la coexistencia de [&hellip;]</p>
