{"id":329,"date":"2021-06-30T17:53:39","date_gmt":"2021-06-30T17:53:39","guid":{"rendered":"http:\/\/tempusfugit.mx\/blogniebla\/?page_id=329"},"modified":"2021-08-27T22:49:41","modified_gmt":"2021-08-27T22:49:41","slug":"retratos-psico-ideologicos-on-demand","status":"publish","type":"page","link":"https:\/\/tempusfugit.mx\/blogniebla\/retratos-psico-ideologicos-on-demand\/","title":{"rendered":"Retratos psico-ideol\u00f3gicos \u00abon demand\u00bb"},"content":{"rendered":"<h3><\/h3>\n<h3>Adquiere una obra que represente tu modo de ver la vida<\/h3>\n<figure id=\"attachment_335\" aria-describedby=\"caption-attachment-335\" style=\"width: 600px\" class=\"wp-caption alignnone\"><a href=\"https:\/\/tempusfugit.mx\/blogniebla\/wp-content\/uploads\/2021\/06\/Personajes-Luis-Carrasco-dibujo-final-oct18.png\" target=\"_blank\" rel=\"noopener\"><img decoding=\"async\" loading=\"lazy\" class=\"wp-image-335\" src=\"https:\/\/tempusfugit.mx\/blogniebla\/wp-content\/uploads\/2021\/06\/Personajes-Luis-Carrasco-dibujo-final-oct18-300x152.png\" alt=\"\" width=\"600\" height=\"303\" srcset=\"https:\/\/tempusfugit.mx\/blogniebla\/wp-content\/uploads\/2021\/06\/Personajes-Luis-Carrasco-dibujo-final-oct18-300x152.png 300w, https:\/\/tempusfugit.mx\/blogniebla\/wp-content\/uploads\/2021\/06\/Personajes-Luis-Carrasco-dibujo-final-oct18-768x388.png 768w, https:\/\/tempusfugit.mx\/blogniebla\/wp-content\/uploads\/2021\/06\/Personajes-Luis-Carrasco-dibujo-final-oct18-1024x518.png 1024w, https:\/\/tempusfugit.mx\/blogniebla\/wp-content\/uploads\/2021\/06\/Personajes-Luis-Carrasco-dibujo-final-oct18-750x379.png 750w\" sizes=\"(max-width: 600px) 100vw, 600px\" \/><\/a><figcaption id=\"caption-attachment-335\" class=\"wp-caption-text\">Clic sobre la imagen para una vista m\u00e1s grande<\/figcaption><\/figure>\n<p>Hace poco tiempo, un amigo me pidi\u00f3 que creara una ilustraci\u00f3n digital que representara a sus mentores intelectuales.<br \/>\nM\u00e1s que eso, una ilustraci\u00f3n que representara su estado actual tanto intelectual como ideol\u00f3gico, profesional y filos\u00f3fico. Un cuadro que representara gr\u00e1ficamente su posici\u00f3n ante la realidad. Una suerte de retrato psicol\u00f3gico sin que \u00e9l saliera representado pict\u00f3ricamente. Una radiograf\u00eda art\u00edstica de su posici\u00f3n ante la realidad o el mundo, vamos.<br \/>\nPara ello quer\u00eda colocar en un collage a una serie de personajes que para \u00e9l han sido faros en los cuales apoyarse para avanzar en esta marea extra\u00f1a que llamamos vida.<br \/>\nComo resultado de varias charlas con \u00e9l, desarroll\u00e9 la idea de hacer el collage con retratos que, a la vez que representaran a los personajes, evocaran, tanto por el estilo para representarlos como por su manejo gr\u00e1fico la esencia de su conocimiento, su filosof\u00eda o su actitud ante la realidad que les toc\u00f3 vivir.<br \/>\nEso adem\u00e1s permiti\u00f3 tratarlos a todos con un mismo car\u00e1cter de textura, tanto en el manejo de representaci\u00f3n \u00abpict\u00f3rica\u00bb como en su composici\u00f3n gr\u00e1fica y me permiti\u00f3 dar tambi\u00e9n el tono personal del car\u00e1cter de mi amigo, que forma parte de la ilustraci\u00f3n final. La pieza final, que es un original electr\u00f3nico para impresi\u00f3n en alta resoluci\u00f3n a cualquier escala, fue impresa a un tama\u00f1o de 2&#215;1 m, lo que permite percibir los detalles finos del entramado final.<\/p>\n<p><strong>Otros ejemplos de retrato psico-filos\u00f3fico.<\/strong><\/p>\n<figure id=\"attachment_344\" aria-describedby=\"caption-attachment-344\" style=\"width: 600px\" class=\"wp-caption alignnone\"><a href=\"https:\/\/tempusfugit.mx\/blogniebla\/wp-content\/uploads\/2021\/07\/fondo-adriana-p\u00e1jaro-de-fuego-copia.jpg\"><img decoding=\"async\" loading=\"lazy\" class=\"wp-image-344\" src=\"https:\/\/tempusfugit.mx\/blogniebla\/wp-content\/uploads\/2021\/07\/fondo-adriana-p\u00e1jaro-de-fuego-copia-300x157.jpg\" alt=\"\" width=\"600\" height=\"313\" srcset=\"https:\/\/tempusfugit.mx\/blogniebla\/wp-content\/uploads\/2021\/07\/fondo-adriana-p\u00e1jaro-de-fuego-copia-300x157.jpg 300w, https:\/\/tempusfugit.mx\/blogniebla\/wp-content\/uploads\/2021\/07\/fondo-adriana-p\u00e1jaro-de-fuego-copia-768x401.jpg 768w, https:\/\/tempusfugit.mx\/blogniebla\/wp-content\/uploads\/2021\/07\/fondo-adriana-p\u00e1jaro-de-fuego-copia-750x392.jpg 750w, https:\/\/tempusfugit.mx\/blogniebla\/wp-content\/uploads\/2021\/07\/fondo-adriana-p\u00e1jaro-de-fuego-copia.jpg 1000w\" sizes=\"(max-width: 600px) 100vw, 600px\" \/><\/a><figcaption id=\"caption-attachment-344\" class=\"wp-caption-text\">Clic sobre la imagen para una vista m\u00e1s grande<\/figcaption><\/figure>\n<p>A partir de ese encargo, realic\u00e9 otras obras m\u00e1s abstractas representando personalidades psico-filos\u00f3ficas y pens\u00e9 que podr\u00eda ofrecer mi experiencia de dise\u00f1o y de artista gr\u00e1fico a quienes quieran una obra similar. La idea es desarrollar un concepto similar al empleado en el \u00abretrato\u00bb psico-filos\u00f3fico de la obra que coment\u00e9, a trav\u00e9s de algunas sesiones de charla, para conocer el contexto personal.<\/p>\n<p>Ahora estoy recibiendo encargos para elaboraci\u00f3n de \u00abretratos psico-ideol\u00f3gicos\u00bb.<br \/>\nPara colecci\u00f3n propia o para regalar a alguna amistad o familiar.<\/p>\n<figure id=\"attachment_346\" aria-describedby=\"caption-attachment-346\" style=\"width: 600px\" class=\"wp-caption alignnone\"><a href=\"https:\/\/tempusfugit.mx\/blogniebla\/wp-content\/uploads\/2021\/07\/paloma3d.jpg\"><img decoding=\"async\" loading=\"lazy\" class=\"wp-image-346\" src=\"https:\/\/tempusfugit.mx\/blogniebla\/wp-content\/uploads\/2021\/07\/paloma3d-300x234.jpg\" alt=\"\" width=\"600\" height=\"468\" srcset=\"https:\/\/tempusfugit.mx\/blogniebla\/wp-content\/uploads\/2021\/07\/paloma3d-300x234.jpg 300w, https:\/\/tempusfugit.mx\/blogniebla\/wp-content\/uploads\/2021\/07\/paloma3d-768x599.jpg 768w, https:\/\/tempusfugit.mx\/blogniebla\/wp-content\/uploads\/2021\/07\/paloma3d-1024x799.jpg 1024w, https:\/\/tempusfugit.mx\/blogniebla\/wp-content\/uploads\/2021\/07\/paloma3d-750x585.jpg 750w\" sizes=\"(max-width: 600px) 100vw, 600px\" \/><\/a><figcaption id=\"caption-attachment-346\" class=\"wp-caption-text\">Clic sobre la imagen para una vista m\u00e1s grande (Este retrato est\u00e1 en 3d. Se necesitan lentes Rojo\/azul para notar el efecto.)<\/figcaption><\/figure>\n<figure id=\"attachment_372\" aria-describedby=\"caption-attachment-372\" style=\"width: 600px\" class=\"wp-caption alignnone\"><a href=\"https:\/\/tempusfugit.mx\/blogniebla\/wp-content\/uploads\/2021\/08\/jorge-guitarra-zeiss-dos-mares.jpg\"><img decoding=\"async\" loading=\"lazy\" class=\"wp-image-372\" src=\"https:\/\/tempusfugit.mx\/blogniebla\/wp-content\/uploads\/2021\/08\/jorge-guitarra-zeiss-dos-mares-300x113.jpg\" alt=\"\" width=\"600\" height=\"226\" srcset=\"https:\/\/tempusfugit.mx\/blogniebla\/wp-content\/uploads\/2021\/08\/jorge-guitarra-zeiss-dos-mares-300x113.jpg 300w, https:\/\/tempusfugit.mx\/blogniebla\/wp-content\/uploads\/2021\/08\/jorge-guitarra-zeiss-dos-mares-768x290.jpg 768w, https:\/\/tempusfugit.mx\/blogniebla\/wp-content\/uploads\/2021\/08\/jorge-guitarra-zeiss-dos-mares-1024x386.jpg 1024w, https:\/\/tempusfugit.mx\/blogniebla\/wp-content\/uploads\/2021\/08\/jorge-guitarra-zeiss-dos-mares-750x283.jpg 750w\" sizes=\"(max-width: 600px) 100vw, 600px\" \/><\/a><figcaption id=\"caption-attachment-372\" class=\"wp-caption-text\">Alma y Jorge<\/figcaption><\/figure>\n<p>&nbsp;<\/p>\n<p>&nbsp;<\/p>\n<figure id=\"attachment_368\" aria-describedby=\"caption-attachment-368\" style=\"width: 600px\" class=\"wp-caption alignnone\"><a href=\"https:\/\/tempusfugit.mx\/blogniebla\/wp-content\/uploads\/2021\/07\/autorretrato-psico-3-copia.jpg\"><img decoding=\"async\" loading=\"lazy\" class=\"wp-image-368\" src=\"https:\/\/tempusfugit.mx\/blogniebla\/wp-content\/uploads\/2021\/07\/autorretrato-psico-3-copia-300x147.jpg\" alt=\"\" width=\"600\" height=\"293\" srcset=\"https:\/\/tempusfugit.mx\/blogniebla\/wp-content\/uploads\/2021\/07\/autorretrato-psico-3-copia-300x147.jpg 300w, https:\/\/tempusfugit.mx\/blogniebla\/wp-content\/uploads\/2021\/07\/autorretrato-psico-3-copia-768x376.jpg 768w, https:\/\/tempusfugit.mx\/blogniebla\/wp-content\/uploads\/2021\/07\/autorretrato-psico-3-copia-750x367.jpg 750w, https:\/\/tempusfugit.mx\/blogniebla\/wp-content\/uploads\/2021\/07\/autorretrato-psico-3-copia.jpg 1000w\" sizes=\"(max-width: 600px) 100vw, 600px\" \/><\/a><figcaption id=\"caption-attachment-368\" class=\"wp-caption-text\">Autorretrato. Clic sobre la imagen para hacer zoom.<\/figcaption><\/figure>\n<p>Si est\u00e1s interesado en una obra as\u00ed, cont\u00e1ctame por medio de esta web, a mi correo electr\u00f3nico: <a href=\"mailto:javier@nieblamorada.com\">javier@nieblamorada.com<\/a> o a mi <strong>whatsapp<\/strong> o a mi <strong>telegram<\/strong> personal: <strong>81 1604 1411.<\/strong><\/p>\n","protected":false},"excerpt":{"rendered":"<p>Adquiere una obra que represente tu modo de ver la vida Hace poco tiempo, un amigo me pidi\u00f3 que creara una ilustraci\u00f3n digital que representara a sus mentores intelectuales. M\u00e1s que eso, una ilustraci\u00f3n que representara su estado actual tanto intelectual como ideol\u00f3gico, profesional y filos\u00f3fico. Un cuadro que representara gr\u00e1ficamente su posici\u00f3n ante la [&hellip;]<\/p>\n","protected":false},"author":1,"featured_media":0,"parent":0,"menu_order":0,"comment_status":"open","ping_status":"closed","template":"","meta":[],"_links":{"self":[{"href":"https:\/\/tempusfugit.mx\/blogniebla\/wp-json\/wp\/v2\/pages\/329"}],"collection":[{"href":"https:\/\/tempusfugit.mx\/blogniebla\/wp-json\/wp\/v2\/pages"}],"about":[{"href":"https:\/\/tempusfugit.mx\/blogniebla\/wp-json\/wp\/v2\/types\/page"}],"author":[{"embeddable":true,"href":"https:\/\/tempusfugit.mx\/blogniebla\/wp-json\/wp\/v2\/users\/1"}],"replies":[{"embeddable":true,"href":"https:\/\/tempusfugit.mx\/blogniebla\/wp-json\/wp\/v2\/comments?post=329"}],"version-history":[{"count":18,"href":"https:\/\/tempusfugit.mx\/blogniebla\/wp-json\/wp\/v2\/pages\/329\/revisions"}],"predecessor-version":[{"id":373,"href":"https:\/\/tempusfugit.mx\/blogniebla\/wp-json\/wp\/v2\/pages\/329\/revisions\/373"}],"wp:attachment":[{"href":"https:\/\/tempusfugit.mx\/blogniebla\/wp-json\/wp\/v2\/media?parent=329"}],"curies":[{"name":"wp","href":"https:\/\/api.w.org\/{rel}","templated":true}]}}

Retratos psico-ideológicos «on demand»

<h3></h3>
<h3>Adquiere una obra que represente tu modo de ver la vida</h3>
<figure id="attachment_335" aria-describedby="caption-attachment-335" style="width: 600px" class="wp-caption alignnone"><a href="https://tempusfugit.mx/blogniebla/wp-content/uploads/2021/06/Personajes-Luis-Carrasco-dibujo-final-oct18.png" target="_blank" rel="noopener"><img decoding="async" loading="lazy" class="wp-image-335" src="https://tempusfugit.mx/blogniebla/wp-content/uploads/2021/06/Personajes-Luis-Carrasco-dibujo-final-oct18-300x152.png" alt="" width="600" height="303" srcset="https://tempusfugit.mx/blogniebla/wp-content/uploads/2021/06/Personajes-Luis-Carrasco-dibujo-final-oct18-300x152.png 300w, https://tempusfugit.mx/blogniebla/wp-content/uploads/2021/06/Personajes-Luis-Carrasco-dibujo-final-oct18-768x388.png 768w, https://tempusfugit.mx/blogniebla/wp-content/uploads/2021/06/Personajes-Luis-Carrasco-dibujo-final-oct18-1024x518.png 1024w, https://tempusfugit.mx/blogniebla/wp-content/uploads/2021/06/Personajes-Luis-Carrasco-dibujo-final-oct18-750x379.png 750w" sizes="(max-width: 600px) 100vw, 600px" /></a><figcaption id="caption-attachment-335" class="wp-caption-text">Clic sobre la imagen para una vista más grande</figcaption></figure>
<p>Hace poco tiempo, un amigo me pidió que creara una ilustración digital que representara a sus mentores intelectuales.<br />
Más que eso, una ilustración que representara su estado actual tanto intelectual como ideológico, profesional y filosófico. Un cuadro que representara gráficamente su posición ante la realidad. Una suerte de retrato psicológico sin que él saliera representado pictóricamente. Una radiografía artística de su posición ante la realidad o el mundo, vamos.<br />
Para ello quería colocar en un collage a una serie de personajes que para él han sido faros en los cuales apoyarse para avanzar en esta marea extraña que llamamos vida.<br />
Como resultado de varias charlas con él, desarrollé la idea de hacer el collage con retratos que, a la vez que representaran a los personajes, evocaran, tanto por el estilo para representarlos como por su manejo gráfico la esencia de su conocimiento, su filosofía o su actitud ante la realidad que les tocó vivir.<br />
Eso además permitió tratarlos a todos con un mismo carácter de textura, tanto en el manejo de representación «pictórica» como en su composición gráfica y me permitió dar también el tono personal del carácter de mi amigo, que forma parte de la ilustración final. La pieza final, que es un original electrónico para impresión en alta resolución a cualquier escala, fue impresa a un tamaño de 2&#215;1 m, lo que permite percibir los detalles finos del entramado final.</p>
<p><strong>Otros ejemplos de retrato psico-filosófico.</strong></p>
<figure id="attachment_344" aria-describedby="caption-attachment-344" style="width: 600px" class="wp-caption alignnone"><a href="https://tempusfugit.mx/blogniebla/wp-content/uploads/2021/07/fondo-adriana-pájaro-de-fuego-copia.jpg"><img decoding="async" loading="lazy" class="wp-image-344" src="https://tempusfugit.mx/blogniebla/wp-content/uploads/2021/07/fondo-adriana-pájaro-de-fuego-copia-300x157.jpg" alt="" width="600" height="313" srcset="https://tempusfugit.mx/blogniebla/wp-content/uploads/2021/07/fondo-adriana-pájaro-de-fuego-copia-300x157.jpg 300w, https://tempusfugit.mx/blogniebla/wp-content/uploads/2021/07/fondo-adriana-pájaro-de-fuego-copia-768x401.jpg 768w, https://tempusfugit.mx/blogniebla/wp-content/uploads/2021/07/fondo-adriana-pájaro-de-fuego-copia-750x392.jpg 750w, https://tempusfugit.mx/blogniebla/wp-content/uploads/2021/07/fondo-adriana-pájaro-de-fuego-copia.jpg 1000w" sizes="(max-width: 600px) 100vw, 600px" /></a><figcaption id="caption-attachment-344" class="wp-caption-text">Clic sobre la imagen para una vista más grande</figcaption></figure>
<p>A partir de ese encargo, realicé otras obras más abstractas representando personalidades psico-filosóficas y pensé que podría ofrecer mi experiencia de diseño y de artista gráfico a quienes quieran una obra similar. La idea es desarrollar un concepto similar al empleado en el «retrato» psico-filosófico de la obra que comenté, a través de algunas sesiones de charla, para conocer el contexto personal.</p>
<p>Ahora estoy recibiendo encargos para elaboración de «retratos psico-ideológicos».<br />
Para colección propia o para regalar a alguna amistad o familiar.</p>
<figure id="attachment_346" aria-describedby="caption-attachment-346" style="width: 600px" class="wp-caption alignnone"><a href="https://tempusfugit.mx/blogniebla/wp-content/uploads/2021/07/paloma3d.jpg"><img decoding="async" loading="lazy" class="wp-image-346" src="https://tempusfugit.mx/blogniebla/wp-content/uploads/2021/07/paloma3d-300x234.jpg" alt="" width="600" height="468" srcset="https://tempusfugit.mx/blogniebla/wp-content/uploads/2021/07/paloma3d-300x234.jpg 300w, https://tempusfugit.mx/blogniebla/wp-content/uploads/2021/07/paloma3d-768x599.jpg 768w, https://tempusfugit.mx/blogniebla/wp-content/uploads/2021/07/paloma3d-1024x799.jpg 1024w, https://tempusfugit.mx/blogniebla/wp-content/uploads/2021/07/paloma3d-750x585.jpg 750w" sizes="(max-width: 600px) 100vw, 600px" /></a><figcaption id="caption-attachment-346" class="wp-caption-text">Clic sobre la imagen para una vista más grande (Este retrato está en 3d. Se necesitan lentes Rojo/azul para notar el efecto.)</figcaption></figure>
<figure id="attachment_372" aria-describedby="caption-attachment-372" style="width: 600px" class="wp-caption alignnone"><a href="https://tempusfugit.mx/blogniebla/wp-content/uploads/2021/08/jorge-guitarra-zeiss-dos-mares.jpg"><img decoding="async" loading="lazy" class="wp-image-372" src="https://tempusfugit.mx/blogniebla/wp-content/uploads/2021/08/jorge-guitarra-zeiss-dos-mares-300x113.jpg" alt="" width="600" height="226" srcset="https://tempusfugit.mx/blogniebla/wp-content/uploads/2021/08/jorge-guitarra-zeiss-dos-mares-300x113.jpg 300w, https://tempusfugit.mx/blogniebla/wp-content/uploads/2021/08/jorge-guitarra-zeiss-dos-mares-768x290.jpg 768w, https://tempusfugit.mx/blogniebla/wp-content/uploads/2021/08/jorge-guitarra-zeiss-dos-mares-1024x386.jpg 1024w, https://tempusfugit.mx/blogniebla/wp-content/uploads/2021/08/jorge-guitarra-zeiss-dos-mares-750x283.jpg 750w" sizes="(max-width: 600px) 100vw, 600px" /></a><figcaption id="caption-attachment-372" class="wp-caption-text">Alma y Jorge</figcaption></figure>
<p>&nbsp;</p>
<p>&nbsp;</p>
<figure id="attachment_368" aria-describedby="caption-attachment-368" style="width: 600px" class="wp-caption alignnone"><a href="https://tempusfugit.mx/blogniebla/wp-content/uploads/2021/07/autorretrato-psico-3-copia.jpg"><img decoding="async" loading="lazy" class="wp-image-368" src="https://tempusfugit.mx/blogniebla/wp-content/uploads/2021/07/autorretrato-psico-3-copia-300x147.jpg" alt="" width="600" height="293" srcset="https://tempusfugit.mx/blogniebla/wp-content/uploads/2021/07/autorretrato-psico-3-copia-300x147.jpg 300w, https://tempusfugit.mx/blogniebla/wp-content/uploads/2021/07/autorretrato-psico-3-copia-768x376.jpg 768w, https://tempusfugit.mx/blogniebla/wp-content/uploads/2021/07/autorretrato-psico-3-copia-750x367.jpg 750w, https://tempusfugit.mx/blogniebla/wp-content/uploads/2021/07/autorretrato-psico-3-copia.jpg 1000w" sizes="(max-width: 600px) 100vw, 600px" /></a><figcaption id="caption-attachment-368" class="wp-caption-text">Autorretrato. Clic sobre la imagen para hacer zoom.</figcaption></figure>
<p>Si estás interesado en una obra así, contáctame por medio de esta web, a mi correo electrónico: <a href="mailto:javier@nieblamorada.com">javier@nieblamorada.com</a> o a mi <strong>whatsapp</strong> o a mi <strong>telegram</strong> personal: <strong>81 1604 1411.</strong></p>

<p>Adquiere una obra que represente tu modo de ver la vida Hace poco tiempo, un amigo me pidió que creara una ilustración digital que representara a sus mentores intelectuales. Más que eso, una ilustración que representara su estado actual tanto intelectual como ideológico, profesional y filosófico. Un cuadro que representara gráficamente su posición ante la [&hellip;]</p>
