{"id":385,"date":"2021-11-03T18:01:52","date_gmt":"2021-11-03T18:01:52","guid":{"rendered":"http:\/\/tempusfugit.mx\/blogniebla\/?page_id=385"},"modified":"2021-11-03T18:42:39","modified_gmt":"2021-11-03T18:42:39","slug":"el-color-existe","status":"publish","type":"page","link":"https:\/\/tempusfugit.mx\/blogniebla\/el-color-existe\/","title":{"rendered":"\u00bfEl color existe?"},"content":{"rendered":"<p><img decoding=\"async\" loading=\"lazy\" class=\"alignnone wp-image-387 size-large\" src=\"https:\/\/tempusfugit.mx\/blogniebla\/wp-content\/uploads\/2021\/11\/colorbranas2B-1024x501.png\" alt=\"\" width=\"1024\" height=\"501\" srcset=\"https:\/\/tempusfugit.mx\/blogniebla\/wp-content\/uploads\/2021\/11\/colorbranas2B-1024x501.png 1024w, https:\/\/tempusfugit.mx\/blogniebla\/wp-content\/uploads\/2021\/11\/colorbranas2B-300x147.png 300w, https:\/\/tempusfugit.mx\/blogniebla\/wp-content\/uploads\/2021\/11\/colorbranas2B-768x376.png 768w, https:\/\/tempusfugit.mx\/blogniebla\/wp-content\/uploads\/2021\/11\/colorbranas2B-750x367.png 750w\" sizes=\"(max-width: 1024px) 100vw, 1024px\" \/><\/p>\n<p>Alguien me preguntaba si las ratas (o los perros) ven \u201ca color\u201d\u2026<\/p>\n<p>En realidad el color no existe afuera de nosotros. Es un sistema de \u201cs\u00edmbolos\u201d que nuestro cerebro desarroll\u00f3 para aprovecharse de las caracter\u00edsticas de la luz. As\u00ed se lo expliqu\u00e9 a un amigo en este texto que escrib\u00ed:<\/p>\n<p>El color solo existe en el cerebro.<\/p>\n<p>En el \u00e1lgebra de nuestra mente, la naturaleza le di\u00f3 el s\u00edmbolo \u201cazul\u201d a un valor de longitud de onda espec\u00edfico.<br \/>\nEl color es un isomorfismo que representa simb\u00f3licamente a cierto tipo de acontecimientos del \u201cexterior\u201d, o sea, de lo que llamamos \u201crealidad\u201d.<br \/>\nEs la representaci\u00f3n en imagen, o m\u00e1s bien dir\u00eda en el material de las im\u00e1genes, de ciertas caracter\u00edsticas de los objetos y ambientes que nos rodean. Es el \u201csabor\u201d de la luz (de una parte min\u00fascula del fen\u00f3meno \u201cluz\u201d)\u2026 algo que representa lo que le es intr\u00ednseco, pero que no lo conforma como ser. Algo que lo distingue y que posee, pero que en s\u00ed no puede ser percibido sino a trav\u00e9s de un mecanismo que decodifique el isomorfismo\u2026 nuestro sentido de la vista y su parafernalia de lentes, cables, bastoncillos, transmisores qu\u00edmico\/el\u00e9ctricos y finalmente esa epifan\u00eda que llamamos a falta de mejor nombre \u201cimagen\u201d.<\/p>\n<p>El color es pues, un epifen\u00f3meno. Un subproducto informativo que se crea despu\u00e9s de un proceso perceptivo, pero de forma tan parecida al original que lo gener\u00f3, solo que con otro cuerpo y materia que nos hace creer que est\u00e1 ahi afuera, tal y cual lo percibimos. Una \u201csensaci\u00f3n\u201d.<\/p>\n<p>Cuando, a trav\u00e9s de los ojos, percibimos un color o la falta de color, ya sea de una fuente luminosa o de un objeto material que la refleja (o la absorbe en su totalidad), lo que en realidad sucede es que nuestro sistema de recepci\u00f3n de luz est\u00e1 preparado para recibir solo determinados rangos de frecuencias de onda luminosa a la que nuestro sistema de codificaci\u00f3n de informaci\u00f3n exterior dota de esa singular sensaci\u00f3n que llamamos matiz (rojo, azul, amarillo y sus contiguos intermedios).<\/p>\n<p>La luz blanca, que es el total de longitudes de onda que posee un haz luminoso, es reflejado o absorbido de diferente manera por la superficie de diversos tipos de material, dando lugar a un segundo haz luminoso que rebota del objeto. Este haz de rebote tiene la frecuencia de longitud de onda que no fue absorbida por la superficie del objeto, y es la informaci\u00f3n luminosa que recibe nuestro ojo de ese objeto, d\u00e1ndole un color espec\u00edfico.<\/p>\n<p>Nuestro sentido de la vista es capaz de \u201cidentificar\u201d un rango reducido de frecuencias, \u2014solo aquellas que en el transcurso de la evoluci\u00f3n se\u00a0 evidenciaron como necesarias para subsistir como especie en nuestro medio y escala f\u00edsica\u2014 y son muchas menos de las que conforman el espectro luminoso, de ah\u00ed que ciertos \u201ccolores\u201d sean invisibles (o m\u00e1s precisamente, ciertas frecuencias de onda de la luz no tienen un s\u00edmbolo isom\u00f3rfico que las represente en nuestro cerebro), as\u00ed que hay mucha m\u00e1s informaci\u00f3n ah\u00ed \u201cafuera\u201d que la que podemos \u201ccolorear\u201d.<\/p>\n<p>El color es percibido por nuestro sistema como una determinada frecuencia de longitud de onda. Para cada cambio en la frecuencia, esto es, para cada diferente porci\u00f3n de informaci\u00f3n luminosa, nuestro cerebro tiene un s\u00edmbolo isom\u00f3rfico, un \u201csabor visual\u201d, \u201cmatiz\u201d o \u201ccolor\u201d especial, pero algunos seres vivos son capaces de diferenciar cambios de frecuencia o longitud de onda m\u00e1s cortas de lo que hace nuestro cerebro y pueden atribuir un s\u00edmbolo (color) diferente a grupos de frecuencia m\u00e1s cortos. Es por ello que puedan, por ejemplo, ver m\u00e1s diferencias en los cambios de color de la vegetaci\u00f3n, al mismo tiempo de que son \u201cciegos\u201d a aquellas frecuencias que no les son indispensables para la supervivencia de su especie.<\/p>\n<p>De alguna manera, nos faltan sentidos para percibir en su totalidad la realidad f\u00edsica exterior a nuestra mente. Creo que parte de la actual problem\u00e1tica en la que se haya entrampada la teor\u00eda cu\u00e1ntica es aquella que tiene que ver con lo poco que podemos medir (y lo que deduce de ello nuestro cerebro, tanto por lo que toca a c\u00f3mo est\u00e1 estructurado f\u00edsicamente como de lo que infiere por los pocos datos que tiene) y que no es suficiente para explicar ciertos comportamientos de la luz o la materia en general.<\/p>\n","protected":false},"excerpt":{"rendered":"<p>Alguien me preguntaba si las ratas (o los perros) ven \u201ca color\u201d\u2026 En realidad el color no existe afuera de nosotros. Es un sistema de \u201cs\u00edmbolos\u201d que nuestro cerebro desarroll\u00f3 para aprovecharse de las caracter\u00edsticas de la luz. As\u00ed se lo expliqu\u00e9 a un amigo en este texto que escrib\u00ed: El color solo existe en [&hellip;]<\/p>\n","protected":false},"author":1,"featured_media":0,"parent":0,"menu_order":0,"comment_status":"open","ping_status":"closed","template":"","meta":[],"_links":{"self":[{"href":"https:\/\/tempusfugit.mx\/blogniebla\/wp-json\/wp\/v2\/pages\/385"}],"collection":[{"href":"https:\/\/tempusfugit.mx\/blogniebla\/wp-json\/wp\/v2\/pages"}],"about":[{"href":"https:\/\/tempusfugit.mx\/blogniebla\/wp-json\/wp\/v2\/types\/page"}],"author":[{"embeddable":true,"href":"https:\/\/tempusfugit.mx\/blogniebla\/wp-json\/wp\/v2\/users\/1"}],"replies":[{"embeddable":true,"href":"https:\/\/tempusfugit.mx\/blogniebla\/wp-json\/wp\/v2\/comments?post=385"}],"version-history":[{"count":5,"href":"https:\/\/tempusfugit.mx\/blogniebla\/wp-json\/wp\/v2\/pages\/385\/revisions"}],"predecessor-version":[{"id":392,"href":"https:\/\/tempusfugit.mx\/blogniebla\/wp-json\/wp\/v2\/pages\/385\/revisions\/392"}],"wp:attachment":[{"href":"https:\/\/tempusfugit.mx\/blogniebla\/wp-json\/wp\/v2\/media?parent=385"}],"curies":[{"name":"wp","href":"https:\/\/api.w.org\/{rel}","templated":true}]}}

<p><img decoding="async" loading="lazy" class="alignnone wp-image-387 size-large" src="https://tempusfugit.mx/blogniebla/wp-content/uploads/2021/11/colorbranas2B-1024x501.png" alt="" width="1024" height="501" srcset="https://tempusfugit.mx/blogniebla/wp-content/uploads/2021/11/colorbranas2B-1024x501.png 1024w, https://tempusfugit.mx/blogniebla/wp-content/uploads/2021/11/colorbranas2B-300x147.png 300w, https://tempusfugit.mx/blogniebla/wp-content/uploads/2021/11/colorbranas2B-768x376.png 768w, https://tempusfugit.mx/blogniebla/wp-content/uploads/2021/11/colorbranas2B-750x367.png 750w" sizes="(max-width: 1024px) 100vw, 1024px" /></p>
<p>Alguien me preguntaba si las ratas (o los perros) ven “a color”…</p>
<p>En realidad el color no existe afuera de nosotros. Es un sistema de “símbolos” que nuestro cerebro desarrolló para aprovecharse de las características de la luz. Así se lo expliqué a un amigo en este texto que escribí:</p>
<p>El color solo existe en el cerebro.</p>
<p>En el álgebra de nuestra mente, la naturaleza le dió el símbolo “azul” a un valor de longitud de onda específico.<br />
El color es un isomorfismo que representa simbólicamente a cierto tipo de acontecimientos del “exterior”, o sea, de lo que llamamos “realidad”.<br />
Es la representación en imagen, o más bien diría en el material de las imágenes, de ciertas características de los objetos y ambientes que nos rodean. Es el “sabor” de la luz (de una parte minúscula del fenómeno “luz”)… algo que representa lo que le es intrínseco, pero que no lo conforma como ser. Algo que lo distingue y que posee, pero que en sí no puede ser percibido sino a través de un mecanismo que decodifique el isomorfismo… nuestro sentido de la vista y su parafernalia de lentes, cables, bastoncillos, transmisores químico/eléctricos y finalmente esa epifanía que llamamos a falta de mejor nombre “imagen”.</p>
<p>El color es pues, un epifenómeno. Un subproducto informativo que se crea después de un proceso perceptivo, pero de forma tan parecida al original que lo generó, solo que con otro cuerpo y materia que nos hace creer que está ahi afuera, tal y cual lo percibimos. Una “sensación”.</p>
<p>Cuando, a través de los ojos, percibimos un color o la falta de color, ya sea de una fuente luminosa o de un objeto material que la refleja (o la absorbe en su totalidad), lo que en realidad sucede es que nuestro sistema de recepción de luz está preparado para recibir solo determinados rangos de frecuencias de onda luminosa a la que nuestro sistema de codificación de información exterior dota de esa singular sensación que llamamos matiz (rojo, azul, amarillo y sus contiguos intermedios).</p>
<p>La luz blanca, que es el total de longitudes de onda que posee un haz luminoso, es reflejado o absorbido de diferente manera por la superficie de diversos tipos de material, dando lugar a un segundo haz luminoso que rebota del objeto. Este haz de rebote tiene la frecuencia de longitud de onda que no fue absorbida por la superficie del objeto, y es la información luminosa que recibe nuestro ojo de ese objeto, dándole un color específico.</p>
<p>Nuestro sentido de la vista es capaz de “identificar” un rango reducido de frecuencias, —solo aquellas que en el transcurso de la evolución se  evidenciaron como necesarias para subsistir como especie en nuestro medio y escala física— y son muchas menos de las que conforman el espectro luminoso, de ahí que ciertos “colores” sean invisibles (o más precisamente, ciertas frecuencias de onda de la luz no tienen un símbolo isomórfico que las represente en nuestro cerebro), así que hay mucha más información ahí “afuera” que la que podemos “colorear”.</p>
<p>El color es percibido por nuestro sistema como una determinada frecuencia de longitud de onda. Para cada cambio en la frecuencia, esto es, para cada diferente porción de información luminosa, nuestro cerebro tiene un símbolo isomórfico, un “sabor visual”, “matiz” o “color” especial, pero algunos seres vivos son capaces de diferenciar cambios de frecuencia o longitud de onda más cortas de lo que hace nuestro cerebro y pueden atribuir un símbolo (color) diferente a grupos de frecuencia más cortos. Es por ello que puedan, por ejemplo, ver más diferencias en los cambios de color de la vegetación, al mismo tiempo de que son “ciegos” a aquellas frecuencias que no les son indispensables para la supervivencia de su especie.</p>
<p>De alguna manera, nos faltan sentidos para percibir en su totalidad la realidad física exterior a nuestra mente. Creo que parte de la actual problemática en la que se haya entrampada la teoría cuántica es aquella que tiene que ver con lo poco que podemos medir (y lo que deduce de ello nuestro cerebro, tanto por lo que toca a cómo está estructurado físicamente como de lo que infiere por los pocos datos que tiene) y que no es suficiente para explicar ciertos comportamientos de la luz o la materia en general.</p>

<p>Alguien me preguntaba si las ratas (o los perros) ven “a color”… En realidad el color no existe afuera de nosotros. Es un sistema de “símbolos” que nuestro cerebro desarrolló para aprovecharse de las características de la luz. Así se lo expliqué a un amigo en este texto que escribí: El color solo existe en [&hellip;]</p>
