{"id":395,"date":"2021-11-03T22:19:31","date_gmt":"2021-11-03T22:19:31","guid":{"rendered":"http:\/\/tempusfugit.mx\/blogniebla\/?page_id=395"},"modified":"2021-11-03T22:23:03","modified_gmt":"2021-11-03T22:23:03","slug":"genesis-del-arte","status":"publish","type":"page","link":"https:\/\/tempusfugit.mx\/blogniebla\/genesis-del-arte\/","title":{"rendered":"G\u00e9nesis del arte"},"content":{"rendered":"<p>Al principio solo hab\u00eda fondo, y sobre el fondo solo la intenci\u00f3n y el verbo flotaban sobre \u00e9l. En el primer acto volitivo hizo aparecer al contrafondo, y vio que eso era muy bueno. Y ya no se pudo distinguir qu\u00e9 fue primero. Despu\u00e9s separ\u00f3 la l\u00ednea de la plasta, y con ello surgieron las formas y vio que eso era muy bueno. Al tercer intento hizo surgir las series, y con ello el tiempo qued\u00f3 plasmado, y se creo lo profuso y lo exiguo, lo abundante y lo parvo, lo sucinto y lo ampliado\u2026 Y vio que eso era muy bueno. Quiso entonces acentuar espacios y coloc\u00f3 un tinte salvaje y surgi\u00f3 el grito y el silencio, la oraci\u00f3n, la s\u00faplica y el reclamo. Y vio que eso era muy bueno. Cansado, supo que podr\u00eda comenzar cuantas veces quisiera sobre fondos puros donde solo la intenci\u00f3n y el verbo se atreven a flotar et\u00e9reos. Y descans\u00f3 sabiendo que en cualquier momento, de la nada\/fondo, sacar\u00eda provecho.<\/p>\n<p><img decoding=\"async\" loading=\"lazy\" class=\"alignnone wp-image-396 size-full\" src=\"https:\/\/tempusfugit.mx\/blogniebla\/wp-content\/uploads\/2021\/11\/Genesis1.jpg\" alt=\"\" width=\"900\" height=\"724\" srcset=\"https:\/\/tempusfugit.mx\/blogniebla\/wp-content\/uploads\/2021\/11\/Genesis1.jpg 900w, https:\/\/tempusfugit.mx\/blogniebla\/wp-content\/uploads\/2021\/11\/Genesis1-300x241.jpg 300w, https:\/\/tempusfugit.mx\/blogniebla\/wp-content\/uploads\/2021\/11\/Genesis1-768x618.jpg 768w, https:\/\/tempusfugit.mx\/blogniebla\/wp-content\/uploads\/2021\/11\/Genesis1-750x603.jpg 750w\" sizes=\"(max-width: 900px) 100vw, 900px\" \/><\/p>\n<p><img decoding=\"async\" loading=\"lazy\" class=\"alignnone wp-image-397 size-full\" src=\"https:\/\/tempusfugit.mx\/blogniebla\/wp-content\/uploads\/2021\/11\/Genesis2.jpg\" alt=\"\" width=\"768\" height=\"892\" srcset=\"https:\/\/tempusfugit.mx\/blogniebla\/wp-content\/uploads\/2021\/11\/Genesis2.jpg 768w, https:\/\/tempusfugit.mx\/blogniebla\/wp-content\/uploads\/2021\/11\/Genesis2-258x300.jpg 258w, https:\/\/tempusfugit.mx\/blogniebla\/wp-content\/uploads\/2021\/11\/Genesis2-750x871.jpg 750w\" sizes=\"(max-width: 768px) 100vw, 768px\" \/><\/p>\n<p>*De un texto que escrib\u00ed para unos dibujos del pintor Fernando Chanes.<br \/>\nLos dibujos que aparecen en este post (G\u00e9nesis 1 y 2) son de mi autor\u00eda.<\/p>\n","protected":false},"excerpt":{"rendered":"<p>Al principio solo hab\u00eda fondo, y sobre el fondo solo la intenci\u00f3n y el verbo flotaban sobre \u00e9l. En el primer acto volitivo hizo aparecer al contrafondo, y vio que eso era muy bueno. Y ya no se pudo distinguir qu\u00e9 fue primero. Despu\u00e9s separ\u00f3 la l\u00ednea de la plasta, y con ello surgieron las [&hellip;]<\/p>\n","protected":false},"author":1,"featured_media":0,"parent":0,"menu_order":0,"comment_status":"open","ping_status":"closed","template":"","meta":[],"_links":{"self":[{"href":"https:\/\/tempusfugit.mx\/blogniebla\/wp-json\/wp\/v2\/pages\/395"}],"collection":[{"href":"https:\/\/tempusfugit.mx\/blogniebla\/wp-json\/wp\/v2\/pages"}],"about":[{"href":"https:\/\/tempusfugit.mx\/blogniebla\/wp-json\/wp\/v2\/types\/page"}],"author":[{"embeddable":true,"href":"https:\/\/tempusfugit.mx\/blogniebla\/wp-json\/wp\/v2\/users\/1"}],"replies":[{"embeddable":true,"href":"https:\/\/tempusfugit.mx\/blogniebla\/wp-json\/wp\/v2\/comments?post=395"}],"version-history":[{"count":3,"href":"https:\/\/tempusfugit.mx\/blogniebla\/wp-json\/wp\/v2\/pages\/395\/revisions"}],"predecessor-version":[{"id":402,"href":"https:\/\/tempusfugit.mx\/blogniebla\/wp-json\/wp\/v2\/pages\/395\/revisions\/402"}],"wp:attachment":[{"href":"https:\/\/tempusfugit.mx\/blogniebla\/wp-json\/wp\/v2\/media?parent=395"}],"curies":[{"name":"wp","href":"https:\/\/api.w.org\/{rel}","templated":true}]}}

Génesis del arte

<p>Al principio solo había fondo, y sobre el fondo solo la intención y el verbo flotaban sobre él. En el primer acto volitivo hizo aparecer al contrafondo, y vio que eso era muy bueno. Y ya no se pudo distinguir qué fue primero. Después separó la línea de la plasta, y con ello surgieron las formas y vio que eso era muy bueno. Al tercer intento hizo surgir las series, y con ello el tiempo quedó plasmado, y se creo lo profuso y lo exiguo, lo abundante y lo parvo, lo sucinto y lo ampliado… Y vio que eso era muy bueno. Quiso entonces acentuar espacios y colocó un tinte salvaje y surgió el grito y el silencio, la oración, la súplica y el reclamo. Y vio que eso era muy bueno. Cansado, supo que podría comenzar cuantas veces quisiera sobre fondos puros donde solo la intención y el verbo se atreven a flotar etéreos. Y descansó sabiendo que en cualquier momento, de la nada/fondo, sacaría provecho.</p>
<p><img decoding="async" loading="lazy" class="alignnone wp-image-396 size-full" src="https://tempusfugit.mx/blogniebla/wp-content/uploads/2021/11/Genesis1.jpg" alt="" width="900" height="724" srcset="https://tempusfugit.mx/blogniebla/wp-content/uploads/2021/11/Genesis1.jpg 900w, https://tempusfugit.mx/blogniebla/wp-content/uploads/2021/11/Genesis1-300x241.jpg 300w, https://tempusfugit.mx/blogniebla/wp-content/uploads/2021/11/Genesis1-768x618.jpg 768w, https://tempusfugit.mx/blogniebla/wp-content/uploads/2021/11/Genesis1-750x603.jpg 750w" sizes="(max-width: 900px) 100vw, 900px" /></p>
<p><img decoding="async" loading="lazy" class="alignnone wp-image-397 size-full" src="https://tempusfugit.mx/blogniebla/wp-content/uploads/2021/11/Genesis2.jpg" alt="" width="768" height="892" srcset="https://tempusfugit.mx/blogniebla/wp-content/uploads/2021/11/Genesis2.jpg 768w, https://tempusfugit.mx/blogniebla/wp-content/uploads/2021/11/Genesis2-258x300.jpg 258w, https://tempusfugit.mx/blogniebla/wp-content/uploads/2021/11/Genesis2-750x871.jpg 750w" sizes="(max-width: 768px) 100vw, 768px" /></p>
<p>*De un texto que escribí para unos dibujos del pintor Fernando Chanes.<br />
Los dibujos que aparecen en este post (Génesis 1 y 2) son de mi autoría.</p>

<p>Al principio solo había fondo, y sobre el fondo solo la intención y el verbo flotaban sobre él. En el primer acto volitivo hizo aparecer al contrafondo, y vio que eso era muy bueno. Y ya no se pudo distinguir qué fue primero. Después separó la línea de la plasta, y con ello surgieron las [&hellip;]</p>
