{"id":40,"date":"2017-11-24T00:08:40","date_gmt":"2017-11-24T00:08:40","guid":{"rendered":"http:\/\/tempusfugit.mx\/blogniebla\/?page_id=40"},"modified":"2021-11-03T22:21:30","modified_gmt":"2021-11-03T22:21:30","slug":"articulos-sobre-creatividad-y-diseno","status":"publish","type":"page","link":"https:\/\/tempusfugit.mx\/blogniebla\/articulos-sobre-creatividad-y-diseno\/","title":{"rendered":"Sobre creatividad y dise\u00f1o"},"content":{"rendered":"<p>De vez en cuando es bueno reflexionar sobre c\u00f3mo influye en nuestra vida diaria todo aquello que tenga dise\u00f1o&#8230; bueno o malo.<\/p>\n<p><a href=\"https:\/\/tempusfugit.mx\/blogniebla\/articulos-sobre-creatividad-y-diseno\/nuestro-enfoque-del-diseno-y-la-creatividad\/\">Nuestro enfoque de dise\u00f1o y servicio&#8230;<\/a><\/p>\n<p><a href=\"https:\/\/tempusfugit.mx\/blogniebla\/articulos-sobre-creatividad-y-diseno\/social-media-management\/\">Social Media Management<\/a><\/p>\n<p><a href=\"https:\/\/tempusfugit.mx\/blogniebla\/por-que-le-llaman-fuente-a-un-grupo-de-tipografias\/\">Por qu\u00e9 le llaman \u00abfuente\u00bb a un grupo de tipograf\u00edas<\/a><\/p>\n<p><a href=\"https:\/\/tempusfugit.mx\/blogniebla\/el-color-existe\/\">\u00bfEl color existe?<\/a><\/p>\n<p><a href=\"https:\/\/tempusfugit.mx\/blogniebla\/genesis-del-arte\/\">G\u00e9nesis del arte<\/a><\/p>\n<p><a href=\"https:\/\/tempusfugit.mx\/blogniebla\/articulos-sobre-creatividad-y-diseno\/sobre-las-opiniones-vertidas-en-redes-sobre-el-zapata-gay\/\">Sobre lo que es arte y lo que no.<\/a><\/p>\n<p>&nbsp;<\/p>\n","protected":false},"excerpt":{"rendered":"<p>De vez en cuando es bueno reflexionar sobre c\u00f3mo influye en nuestra vida diaria todo aquello que tenga dise\u00f1o&#8230; bueno o malo. Nuestro enfoque de dise\u00f1o y servicio&#8230; Social Media Management Por qu\u00e9 le llaman \u00abfuente\u00bb a un grupo de tipograf\u00edas \u00bfEl color existe? G\u00e9nesis del arte Sobre lo que es arte y lo que [&hellip;]<\/p>\n","protected":false},"author":1,"featured_media":0,"parent":0,"menu_order":0,"comment_status":"closed","ping_status":"closed","template":"","meta":[],"_links":{"self":[{"href":"https:\/\/tempusfugit.mx\/blogniebla\/wp-json\/wp\/v2\/pages\/40"}],"collection":[{"href":"https:\/\/tempusfugit.mx\/blogniebla\/wp-json\/wp\/v2\/pages"}],"about":[{"href":"https:\/\/tempusfugit.mx\/blogniebla\/wp-json\/wp\/v2\/types\/page"}],"author":[{"embeddable":true,"href":"https:\/\/tempusfugit.mx\/blogniebla\/wp-json\/wp\/v2\/users\/1"}],"replies":[{"embeddable":true,"href":"https:\/\/tempusfugit.mx\/blogniebla\/wp-json\/wp\/v2\/comments?post=40"}],"version-history":[{"count":8,"href":"https:\/\/tempusfugit.mx\/blogniebla\/wp-json\/wp\/v2\/pages\/40\/revisions"}],"predecessor-version":[{"id":400,"href":"https:\/\/tempusfugit.mx\/blogniebla\/wp-json\/wp\/v2\/pages\/40\/revisions\/400"}],"wp:attachment":[{"href":"https:\/\/tempusfugit.mx\/blogniebla\/wp-json\/wp\/v2\/media?parent=40"}],"curies":[{"name":"wp","href":"https:\/\/api.w.org\/{rel}","templated":true}]}}