{"id":42,"date":"2017-11-24T00:14:27","date_gmt":"2017-11-24T00:14:27","guid":{"rendered":"http:\/\/tempusfugit.mx\/blogniebla\/?page_id=42"},"modified":"2025-02-26T22:31:50","modified_gmt":"2025-02-26T22:31:50","slug":"autorretrato-hablado","status":"publish","type":"page","link":"https:\/\/tempusfugit.mx\/blogniebla\/autorretrato-hablado\/","title":{"rendered":"Autorretrato hablado"},"content":{"rendered":"<p><img decoding=\"async\" loading=\"lazy\" class=\"alignnone size-medium wp-image-231\" src=\"https:\/\/tempusfugit.mx\/blogniebla\/wp-content\/uploads\/2021\/04\/JSB-marzo-22-2021-duotone-300x300.jpg\" alt=\"\" width=\"300\" height=\"300\" srcset=\"https:\/\/tempusfugit.mx\/blogniebla\/wp-content\/uploads\/2021\/04\/JSB-marzo-22-2021-duotone-300x300.jpg 300w, https:\/\/tempusfugit.mx\/blogniebla\/wp-content\/uploads\/2021\/04\/JSB-marzo-22-2021-duotone-150x150.jpg 150w, https:\/\/tempusfugit.mx\/blogniebla\/wp-content\/uploads\/2021\/04\/JSB-marzo-22-2021-duotone.jpg 400w\" sizes=\"(max-width: 300px) 100vw, 300px\" \/><\/p>\n<p><strong>Javier Sanchez de la Barquera<\/strong> (1955 Mexico City)<br \/>\n<em>Visual Creativity and Graphic Design<\/em><\/p>\n<p><em><strong>Breve semblanza profesional a manera de Curriculum Vitae<\/strong><\/em><\/p>\n<p>1973 &#8211; 1976, Cursa la Licenciatura en Artes Visuales con especialidad en Dise\u00f1o Gr\u00e1fico y Arte Urbano en la Universidad Nacional Aut\u00f3noma de M\u00e9xico UNAM, Escuela Nacional de Artes Pl\u00e1sticas, sita en la Academia de San Carlos.<\/p>\n<p>A\u00f1os 70&#8217;s y 80&#8217;s<br \/>\nDise\u00f1ador independiente desde mediados de los a\u00f1os 70s. Elaborando entre otros, hasta mediados de los a\u00f1os 80, los carteles para cine de la Cineteca Nacional, de la Compa\u00f1\u00eda Operadora de Teatros, que manejaba todos los cines de la capital y carteles culturales para la Delegaci\u00f3n Venustiano Carranza de la Ciudad de M\u00e9xico.<br \/>\nDise\u00f1o editorial para impresoras dedicadas a libros de arte entre ellos una monograf\u00eda sobre la fot\u00f3grafa Dolores Bravo y 5 de los libros oficiales de las \u201cMemorias de la Cineteca Nacional\u201d.<\/p>\n<p>Ha sido director de su propia empresa Dasigna, dedicada al dise\u00f1o gr\u00e1fico, el dise\u00f1o editorial, la publicidad y el dise\u00f1o de espacios comerciales, trabajando creatividad y publicidad para cuentas como Burger Boy, Cervecer\u00eda Cuauht\u00e9moc y Moctezuma, Pepsico, entre otras.<\/p>\n<p>Por esas fechas fue maestro titular de la c\u00e1tedra de Tipograf\u00eda, de Aerograf\u00eda, de Genesa (teor\u00eda del arte y del dise\u00f1o) y de escenograf\u00eda en la Facultad de Arquitectura y Dise\u00f1o de la Universidad Intercontinental en la Ciudad de M\u00e9xico UIC.<\/p>\n<p>A\u00f1os 90&#8217;s<br \/>\nEn 1990 es contratado por Cigarrera la Moderna para pintar un mural en sus oficinas en la ciudad de Monterrey.<\/p>\n<p>En 1991 se instala en la ciudad de Monterrey, fundando el despacho Circle Perfect en asociaci\u00f3n con el dise\u00f1ador regiomontano Antonio Portilla del Conde, con cuentas como Cervecer\u00eda Cuauht\u00e9moc y el Grupo Pulsar. Al mismo tiempo trabaja para Cigarrera La Moderna como dise\u00f1ador gr\u00e1fico de los empaques de cigarros, los espacios de exhibici\u00f3n en ferias internacionales en Europa y Estados Unidos y marcas privadas de cigarros elaborados por la misma Cigarrera la Moderna.<\/p>\n<p>En 1993 funda la firma Total Design y como Director y Senior Designer de esta dise\u00f1a una cadena de tiendas Duty Free en la frontera mexicana y una cadena de tiendas especialistas en tabaco llamadas Sir Walter Raleigh, dise\u00f1ando y montando m\u00e1s de 10 tiendas en centros comerciales (malls) en las principales ciudades de M\u00e9xico.<\/p>\n<p>En 1995 funda tambi\u00e9n Image Setter y coloca en Monterrey la primera imprenta digital en Latinoam\u00e9rica con una impresora Agfa.<\/p>\n<p>En 1999 funda la firma Citron Creatividad, continuando con el Dise\u00f1o Gr\u00e1fico, el Dise\u00f1o Editorial, Dise\u00f1o para internet y con especializaci\u00f3n en Identidad Corporativa y Dise\u00f1o de Marcas para diferentes empresas. Una de las especialidades en esa firma fue el dise\u00f1o de empaques para frutas y verduras de exportaci\u00f3n as\u00ed como dise\u00f1o de espacios de exhibici\u00f3n para muestras internacionales en Estados Unidos y Canad\u00e1, tanto dise\u00f1ando como fabricando y montando Stands Corporativos para firmas como Premiere Canada, Pulsar, Batiz Internatonal, Wilson&#8217;s y otras.<\/p>\n<p>A\u00f1os 2000<br \/>\nEs contratado con la firma Citron Creatividad por el Peri\u00f3dico El Financiero para hacer el redise\u00f1o total del peri\u00f3dico, incluyendo su formato, su Identidad Corporativa y Logotipos. Por este motivo El Financiero lo nombra Director de Creatividad y Dise\u00f1o, y director del Suplemento Cultural Semanal, cargos que ocupa hasta la venta del peri\u00f3dico a un consorcio internacional.<\/p>\n<p>Desde el a\u00f1o 2011 funda y es director de la compa\u00f1\u00eda de creatividad y dise\u00f1o Niebla Morada, una compa\u00f1\u00eda que aumenta a sus servicios de dise\u00f1o la producci\u00f3n, dise\u00f1o, direcci\u00f3n y post producci\u00f3n de videos y pel\u00edculas para la industria de la publicidad y para compa\u00f1\u00edas como Televisa y otras.<\/p>\n<p>Niebla Morada tiene m\u00e1s de una d\u00e9cada trabajando para diferentes cuentas, como Vector, InterCapita, Pulsar, Plenus y muchas otras, elaborando dise\u00f1o y creatividad visual. Uno de los muchos ejemplos es el dise\u00f1o de la Identidad Corporativa, logotipo y Sello Oficial de la Universidad Metropolitana de Monterrey.<\/p>\n<p>En el a\u00f1o 2022 inaugura un Estudio de arte \/ galer\u00eda, donde muestra su obra personal de pintura, gr\u00e1fica y dise\u00f1o en 3D, y produce impresiones\u00a0en\u00a03D.<\/p>\n<p>Datos personales<\/p>\n<p>Correo electr\u00f3nico<br \/>\njavier@nieblamorada.com<\/p>\n<p>Sitio Web de Niebla Morada<br \/>\nwww.nieblamorada.com<\/p>\n<p>Informes de Servicios y Tienda de Arte Niebla Morada<br \/>\nwww.tempusfugit.mx\/blogniebla<\/p>\n<p>Blog personal de Javier S\u00e1nchez de la Barquera<br \/>\nwww.tempusfugit.mx\/blog<\/p>\n<p>Tel.<br \/>\n81 1604 1411<\/p>\n<p>______________________________________________________________________________________________________<\/p>\n<ul>\n<li>\u00abLa ignorancia es falta de cultura del entendimiento; la tonter\u00eda falta de cultura de la raz\u00f3n; la necedad es ignorancia o tonter\u00eda acompa\u00f1ada de presunci\u00f3n.<\/li>\n<li>El ignorante yerra por falta de principios adquiridos; el tonto por falta de luces naturales; el necio por falta de luces o principios, y sobra de amor propio.<\/li>\n<li>El amor propio oculta muchas veces la ignorancia; descubre siempre la necedad y no tiene influjo alguno en la tonter\u00eda, porque el ignorante puede saber que lo es; pero ni el tonto lo sabe, ni el necio lo cree<\/li>\n<li>El que ignora al lenguaje de los necios, pasa por tonto entre los ignorantes (LH)<\/li>\n<\/ul>\n<p>&#8212;&#8212;&#8212;&#8212;&#8212;&#8212;&#8212;-<\/p>\n<p>Frutiger, Gill, Manuncio, Baskerville, Munari, Lubalin \/ Satie, Webern, Debussy, Shostakovich, Gorecky, Rachmaninov, Faure, Tavener, Preisner \/ Naum Gabo, Arp, Kandinsky, Klee, Schwitters, Schielle, Tatlin \/ Borges, Saramago, Nabokof, Unamuno, Stevenson, Miller, Miguel Hern\u00e1ndez, Carpentier, Ibarguengoitia \/ Lawrence Krauss, Richard Dawkins, Hoffstadter, Sam Harris,<\/p>\n<p>&#8212;&#8212;&#8212;&#8212;&#8212;&#8212;&#8212;-<\/p>\n<p>Nunca discutas con un idiota.<br \/>\nTe obligara a bajar a su nivel y entonces te vencer\u00e1 con su experiencia.<\/p>\n<p>Never argue with an idiot.<br \/>\nThey drag you down to their level, then beat you with experience<\/p>\n<p>&#8212;&#8212;&#8212;&#8212;&#8212;&#8212;&#8212;&#8212;&#8212;<\/p>\n<p>The way I perceive the voice of my wife, the eyes of my three daughters, the inner force of my son.<\/p>\n<p>&#8212;&#8212;&#8212;&#8212;&#8212;&#8212;&#8212;&#8212;&#8212;&#8211;<\/p>\n<p>La capacidad de ordenar , junto con una misteriosa dosis de necesidad de trascender, tal es el origen del arte. Adjetivarlo es reducirlo a una de sus facetas.<br \/>\nEl ajedrez es una de sus posibilidades. (JSB)<\/p>\n<p>&#8212;&#8212;&#8212;&#8212;&#8212;&#8212;&#8212;&#8212;&#8212;-<\/p>\n<p>Me contradigo a mi mismo. Soy vasto. Contengo muchedumbres. (Whitman).<\/p>\n","protected":false},"excerpt":{"rendered":"<p>Javier Sanchez de la Barquera (1955 Mexico City) Visual Creativity and Graphic Design Breve semblanza profesional a manera de Curriculum Vitae 1973 &#8211; 1976, Cursa la Licenciatura en Artes Visuales con especialidad en Dise\u00f1o Gr\u00e1fico y Arte Urbano en la Universidad Nacional Aut\u00f3noma de M\u00e9xico UNAM, Escuela Nacional de Artes Pl\u00e1sticas, sita en la Academia [&hellip;]<\/p>\n","protected":false},"author":1,"featured_media":0,"parent":0,"menu_order":0,"comment_status":"closed","ping_status":"closed","template":"","meta":[],"_links":{"self":[{"href":"https:\/\/tempusfugit.mx\/blogniebla\/wp-json\/wp\/v2\/pages\/42"}],"collection":[{"href":"https:\/\/tempusfugit.mx\/blogniebla\/wp-json\/wp\/v2\/pages"}],"about":[{"href":"https:\/\/tempusfugit.mx\/blogniebla\/wp-json\/wp\/v2\/types\/page"}],"author":[{"embeddable":true,"href":"https:\/\/tempusfugit.mx\/blogniebla\/wp-json\/wp\/v2\/users\/1"}],"replies":[{"embeddable":true,"href":"https:\/\/tempusfugit.mx\/blogniebla\/wp-json\/wp\/v2\/comments?post=42"}],"version-history":[{"count":5,"href":"https:\/\/tempusfugit.mx\/blogniebla\/wp-json\/wp\/v2\/pages\/42\/revisions"}],"predecessor-version":[{"id":1135,"href":"https:\/\/tempusfugit.mx\/blogniebla\/wp-json\/wp\/v2\/pages\/42\/revisions\/1135"}],"wp:attachment":[{"href":"https:\/\/tempusfugit.mx\/blogniebla\/wp-json\/wp\/v2\/media?parent=42"}],"curies":[{"name":"wp","href":"https:\/\/api.w.org\/{rel}","templated":true}]}}

<p><img decoding="async" loading="lazy" class="alignnone size-medium wp-image-231" src="https://tempusfugit.mx/blogniebla/wp-content/uploads/2021/04/JSB-marzo-22-2021-duotone-300x300.jpg" alt="" width="300" height="300" srcset="https://tempusfugit.mx/blogniebla/wp-content/uploads/2021/04/JSB-marzo-22-2021-duotone-300x300.jpg 300w, https://tempusfugit.mx/blogniebla/wp-content/uploads/2021/04/JSB-marzo-22-2021-duotone-150x150.jpg 150w, https://tempusfugit.mx/blogniebla/wp-content/uploads/2021/04/JSB-marzo-22-2021-duotone.jpg 400w" sizes="(max-width: 300px) 100vw, 300px" /></p>
<p><strong>Javier Sanchez de la Barquera</strong> (1955 Mexico City)<br />
<em>Visual Creativity and Graphic Design</em></p>
<p><em><strong>Breve semblanza profesional a manera de Curriculum Vitae</strong></em></p>
<p>1973 &#8211; 1976, Cursa la Licenciatura en Artes Visuales con especialidad en Diseño Gráfico y Arte Urbano en la Universidad Nacional Autónoma de México UNAM, Escuela Nacional de Artes Plásticas, sita en la Academia de San Carlos.</p>
<p>Años 70&#8217;s y 80&#8217;s<br />
Diseñador independiente desde mediados de los años 70s. Elaborando entre otros, hasta mediados de los años 80, los carteles para cine de la Cineteca Nacional, de la Compañía Operadora de Teatros, que manejaba todos los cines de la capital y carteles culturales para la Delegación Venustiano Carranza de la Ciudad de México.<br />
Diseño editorial para impresoras dedicadas a libros de arte entre ellos una monografía sobre la fotógrafa Dolores Bravo y 5 de los libros oficiales de las “Memorias de la Cineteca Nacional”.</p>
<p>Ha sido director de su propia empresa Dasigna, dedicada al diseño gráfico, el diseño editorial, la publicidad y el diseño de espacios comerciales, trabajando creatividad y publicidad para cuentas como Burger Boy, Cervecería Cuauhtémoc y Moctezuma, Pepsico, entre otras.</p>
<p>Por esas fechas fue maestro titular de la cátedra de Tipografía, de Aerografía, de Genesa (teoría del arte y del diseño) y de escenografía en la Facultad de Arquitectura y Diseño de la Universidad Intercontinental en la Ciudad de México UIC.</p>
<p>Años 90&#8217;s<br />
En 1990 es contratado por Cigarrera la Moderna para pintar un mural en sus oficinas en la ciudad de Monterrey.</p>
<p>En 1991 se instala en la ciudad de Monterrey, fundando el despacho Circle Perfect en asociación con el diseñador regiomontano Antonio Portilla del Conde, con cuentas como Cervecería Cuauhtémoc y el Grupo Pulsar. Al mismo tiempo trabaja para Cigarrera La Moderna como diseñador gráfico de los empaques de cigarros, los espacios de exhibición en ferias internacionales en Europa y Estados Unidos y marcas privadas de cigarros elaborados por la misma Cigarrera la Moderna.</p>
<p>En 1993 funda la firma Total Design y como Director y Senior Designer de esta diseña una cadena de tiendas Duty Free en la frontera mexicana y una cadena de tiendas especialistas en tabaco llamadas Sir Walter Raleigh, diseñando y montando más de 10 tiendas en centros comerciales (malls) en las principales ciudades de México.</p>
<p>En 1995 funda también Image Setter y coloca en Monterrey la primera imprenta digital en Latinoamérica con una impresora Agfa.</p>
<p>En 1999 funda la firma Citron Creatividad, continuando con el Diseño Gráfico, el Diseño Editorial, Diseño para internet y con especialización en Identidad Corporativa y Diseño de Marcas para diferentes empresas. Una de las especialidades en esa firma fue el diseño de empaques para frutas y verduras de exportación así como diseño de espacios de exhibición para muestras internacionales en Estados Unidos y Canadá, tanto diseñando como fabricando y montando Stands Corporativos para firmas como Premiere Canada, Pulsar, Batiz Internatonal, Wilson&#8217;s y otras.</p>
<p>Años 2000<br />
Es contratado con la firma Citron Creatividad por el Periódico El Financiero para hacer el rediseño total del periódico, incluyendo su formato, su Identidad Corporativa y Logotipos. Por este motivo El Financiero lo nombra Director de Creatividad y Diseño, y director del Suplemento Cultural Semanal, cargos que ocupa hasta la venta del periódico a un consorcio internacional.</p>
<p>Desde el año 2011 funda y es director de la compañía de creatividad y diseño Niebla Morada, una compañía que aumenta a sus servicios de diseño la producción, diseño, dirección y post producción de videos y películas para la industria de la publicidad y para compañías como Televisa y otras.</p>
<p>Niebla Morada tiene más de una década trabajando para diferentes cuentas, como Vector, InterCapita, Pulsar, Plenus y muchas otras, elaborando diseño y creatividad visual. Uno de los muchos ejemplos es el diseño de la Identidad Corporativa, logotipo y Sello Oficial de la Universidad Metropolitana de Monterrey.</p>
<p>En el año 2022 inaugura un Estudio de arte / galería, donde muestra su obra personal de pintura, gráfica y diseño en 3D, y produce impresiones en 3D.</p>
<p>Datos personales</p>
<p>Correo electrónico<br />
javier@nieblamorada.com</p>
<p>Sitio Web de Niebla Morada<br />
www.nieblamorada.com</p>
<p>Informes de Servicios y Tienda de Arte Niebla Morada<br />
www.tempusfugit.mx/blogniebla</p>
<p>Blog personal de Javier Sánchez de la Barquera<br />
www.tempusfugit.mx/blog</p>
<p>Tel.<br />
81 1604 1411</p>
<p>______________________________________________________________________________________________________</p>
<ul>
<li>«La ignorancia es falta de cultura del entendimiento; la tontería falta de cultura de la razón; la necedad es ignorancia o tontería acompañada de presunción.</li>
<li>El ignorante yerra por falta de principios adquiridos; el tonto por falta de luces naturales; el necio por falta de luces o principios, y sobra de amor propio.</li>
<li>El amor propio oculta muchas veces la ignorancia; descubre siempre la necedad y no tiene influjo alguno en la tontería, porque el ignorante puede saber que lo es; pero ni el tonto lo sabe, ni el necio lo cree</li>
<li>El que ignora al lenguaje de los necios, pasa por tonto entre los ignorantes (LH)</li>
</ul>
<p>&#8212;&#8212;&#8212;&#8212;&#8212;&#8212;&#8212;-</p>
<p>Frutiger, Gill, Manuncio, Baskerville, Munari, Lubalin / Satie, Webern, Debussy, Shostakovich, Gorecky, Rachmaninov, Faure, Tavener, Preisner / Naum Gabo, Arp, Kandinsky, Klee, Schwitters, Schielle, Tatlin / Borges, Saramago, Nabokof, Unamuno, Stevenson, Miller, Miguel Hernández, Carpentier, Ibarguengoitia / Lawrence Krauss, Richard Dawkins, Hoffstadter, Sam Harris,</p>
<p>&#8212;&#8212;&#8212;&#8212;&#8212;&#8212;&#8212;-</p>
<p>Nunca discutas con un idiota.<br />
Te obligara a bajar a su nivel y entonces te vencerá con su experiencia.</p>
<p>Never argue with an idiot.<br />
They drag you down to their level, then beat you with experience</p>
<p>&#8212;&#8212;&#8212;&#8212;&#8212;&#8212;&#8212;&#8212;&#8212;</p>
<p>The way I perceive the voice of my wife, the eyes of my three daughters, the inner force of my son.</p>
<p>&#8212;&#8212;&#8212;&#8212;&#8212;&#8212;&#8212;&#8212;&#8212;&#8211;</p>
<p>La capacidad de ordenar , junto con una misteriosa dosis de necesidad de trascender, tal es el origen del arte. Adjetivarlo es reducirlo a una de sus facetas.<br />
El ajedrez es una de sus posibilidades. (JSB)</p>
<p>&#8212;&#8212;&#8212;&#8212;&#8212;&#8212;&#8212;&#8212;&#8212;-</p>
<p>Me contradigo a mi mismo. Soy vasto. Contengo muchedumbres. (Whitman).</p>

<p>Javier Sanchez de la Barquera (1955 Mexico City) Visual Creativity and Graphic Design Breve semblanza profesional a manera de Curriculum Vitae 1973 &#8211; 1976, Cursa la Licenciatura en Artes Visuales con especialidad en Diseño Gráfico y Arte Urbano en la Universidad Nacional Autónoma de México UNAM, Escuela Nacional de Artes Plásticas, sita en la Academia [&hellip;]</p>
