{"id":473,"date":"2022-06-15T00:21:42","date_gmt":"2022-06-15T00:21:42","guid":{"rendered":"http:\/\/tempusfugit.mx\/blogniebla\/?page_id=473"},"modified":"2025-11-19T22:17:01","modified_gmt":"2025-11-19T22:17:01","slug":"__trashed","status":"publish","type":"page","link":"https:\/\/tempusfugit.mx\/blogniebla\/__trashed\/","title":{"rendered":"Serie \u00abHomenaje a Marcel Duchamp\u00bb"},"content":{"rendered":"<p>Basada en el dise\u00f1o de las piezas de ajedrez del famoso artista dada\u00edsta<br \/>\nMarcel Duchamp, quien fuera un fuerte jugador de ajedrez y que jug\u00f3<br \/>\nrepresentando a Francia en varias olimpiadas.<\/p>\n<p><a href=\"https:\/\/tempusfugit.mx\/blogniebla\/wp-content\/uploads\/2022\/06\/Serie-1-Homenaje-a-Marcel-Duchamp-Rey-y-peonSCH-copia.png\"><img decoding=\"async\" loading=\"lazy\" class=\"alignnone wp-image-481\" src=\"https:\/\/tempusfugit.mx\/blogniebla\/wp-content\/uploads\/2022\/06\/Serie-1-Homenaje-a-Marcel-Duchamp-Rey-y-peonSCH-copia-300x232.png\" alt=\"\" width=\"600\" height=\"464\" srcset=\"https:\/\/tempusfugit.mx\/blogniebla\/wp-content\/uploads\/2022\/06\/Serie-1-Homenaje-a-Marcel-Duchamp-Rey-y-peonSCH-copia-300x232.png 300w, https:\/\/tempusfugit.mx\/blogniebla\/wp-content\/uploads\/2022\/06\/Serie-1-Homenaje-a-Marcel-Duchamp-Rey-y-peonSCH-copia-768x594.png 768w, https:\/\/tempusfugit.mx\/blogniebla\/wp-content\/uploads\/2022\/06\/Serie-1-Homenaje-a-Marcel-Duchamp-Rey-y-peonSCH-copia-1024x791.png 1024w, https:\/\/tempusfugit.mx\/blogniebla\/wp-content\/uploads\/2022\/06\/Serie-1-Homenaje-a-Marcel-Duchamp-Rey-y-peonSCH-copia-750x580.png 750w, https:\/\/tempusfugit.mx\/blogniebla\/wp-content\/uploads\/2022\/06\/Serie-1-Homenaje-a-Marcel-Duchamp-Rey-y-peonSCH-copia.png 1981w\" sizes=\"(max-width: 600px) 100vw, 600px\" \/><\/a><\/p>\n<p><em><strong>Rey y Pe\u00f3n<br \/>\n<\/strong><\/em>Medidas 60 x 40 cm incluye marialuisa.<br \/>\nImpresa digitalmente papel de algod\u00f3n de alta calidad.<br \/>\nAlt\u00edsima definici\u00f3n<br \/>\nNumerada y firmada por el autor.<br \/>\nSe entrega Certificado de Origen.<br \/>\nPrecio pieza suelta<br \/>\n<strong>$4,800 pesos<\/strong><\/p>\n<form action=\"https:\/\/www.paypal.com\/cgi-bin\/webscr\" method=\"post\" target=\"_top\"><input name=\"cmd\" type=\"hidden\" value=\"_s-xclick\" \/><br \/>\n<input name=\"hosted_button_id\" type=\"hidden\" value=\"5F2NBTJJKH8SN\" \/><br \/>\n<input alt=\"PayPal, la forma m\u00e1s segura y r\u00e1pida de pagar en l\u00ednea.\" name=\"submit\" src=\"https:\/\/www.paypalobjects.com\/es_XC\/MX\/i\/btn\/btn_buynowCC_LG.gif\" type=\"image\" \/><br \/>\n<img decoding=\"async\" loading=\"lazy\" src=\"https:\/\/www.paypalobjects.com\/es_XC\/i\/scr\/pixel.gif\" alt=\"\" width=\"1\" height=\"1\" border=\"0\" \/><\/form>\n<h6>El env\u00edo tiene un costo de $350 pesos y se coloca en mensajer\u00eda 5 d\u00edas despu\u00e9s del pago.<\/h6>\n<p><a href=\"https:\/\/tempusfugit.mx\/blogniebla\/wp-content\/uploads\/2022\/06\/Serie-1-Homenaje-a-Marcel-Duchamp-PeonesSCH-copia.png\"><img decoding=\"async\" loading=\"lazy\" class=\"alignnone wp-image-480\" src=\"https:\/\/tempusfugit.mx\/blogniebla\/wp-content\/uploads\/2022\/06\/Serie-1-Homenaje-a-Marcel-Duchamp-PeonesSCH-copia-300x232.png\" alt=\"\" width=\"600\" height=\"464\" srcset=\"https:\/\/tempusfugit.mx\/blogniebla\/wp-content\/uploads\/2022\/06\/Serie-1-Homenaje-a-Marcel-Duchamp-PeonesSCH-copia-300x232.png 300w, https:\/\/tempusfugit.mx\/blogniebla\/wp-content\/uploads\/2022\/06\/Serie-1-Homenaje-a-Marcel-Duchamp-PeonesSCH-copia-768x594.png 768w, https:\/\/tempusfugit.mx\/blogniebla\/wp-content\/uploads\/2022\/06\/Serie-1-Homenaje-a-Marcel-Duchamp-PeonesSCH-copia-1024x791.png 1024w, https:\/\/tempusfugit.mx\/blogniebla\/wp-content\/uploads\/2022\/06\/Serie-1-Homenaje-a-Marcel-Duchamp-PeonesSCH-copia-750x580.png 750w, https:\/\/tempusfugit.mx\/blogniebla\/wp-content\/uploads\/2022\/06\/Serie-1-Homenaje-a-Marcel-Duchamp-PeonesSCH-copia.png 1981w\" sizes=\"(max-width: 600px) 100vw, 600px\" \/><\/a><br \/>\n<em><strong>Peones<\/strong><\/em><br \/>\nMedidas 60 x 40 cm incluye marialuisa.<br \/>\nImpresa digitalmente papel de algod\u00f3n de alta calidad.<br \/>\nAlt\u00edsima definici\u00f3n.<br \/>\nNumerada y firmada por el autor.<br \/>\nSe entrega Certificado de Origen.<br \/>\nPrecio pieza suelta<br \/>\n<strong>$4,800 pesos<\/strong><\/p>\n<form action=\"https:\/\/www.paypal.com\/cgi-bin\/webscr\" method=\"post\" target=\"_top\"><input name=\"cmd\" type=\"hidden\" value=\"_s-xclick\" \/><br \/>\n<input name=\"hosted_button_id\" type=\"hidden\" value=\"ZQMMN3CGS56BG\" \/><br \/>\n<input alt=\"PayPal, la forma m\u00e1s segura y r\u00e1pida de pagar en l\u00ednea.\" name=\"submit\" src=\"https:\/\/www.paypalobjects.com\/es_XC\/MX\/i\/btn\/btn_buynowCC_LG.gif\" type=\"image\" \/><br \/>\n<img decoding=\"async\" loading=\"lazy\" src=\"https:\/\/www.paypalobjects.com\/es_XC\/i\/scr\/pixel.gif\" alt=\"\" width=\"1\" height=\"1\" border=\"0\" \/><\/form>\n<h6>El env\u00edo tiene un costo de $350 pesos y se coloca en mensajer\u00eda 5 d\u00edas despu\u00e9s del pago.<\/h6>\n<p><a href=\"https:\/\/tempusfugit.mx\/blogniebla\/wp-content\/uploads\/2022\/06\/Serie-1-Homenaje-a-Marcel-Duchamp-AlfilesSCH-copia.png\"><img decoding=\"async\" loading=\"lazy\" class=\"alignnone wp-image-477\" src=\"https:\/\/tempusfugit.mx\/blogniebla\/wp-content\/uploads\/2022\/06\/Serie-1-Homenaje-a-Marcel-Duchamp-AlfilesSCH-copia-300x232.png\" alt=\"\" width=\"600\" height=\"464\" srcset=\"https:\/\/tempusfugit.mx\/blogniebla\/wp-content\/uploads\/2022\/06\/Serie-1-Homenaje-a-Marcel-Duchamp-AlfilesSCH-copia-300x232.png 300w, https:\/\/tempusfugit.mx\/blogniebla\/wp-content\/uploads\/2022\/06\/Serie-1-Homenaje-a-Marcel-Duchamp-AlfilesSCH-copia-768x594.png 768w, https:\/\/tempusfugit.mx\/blogniebla\/wp-content\/uploads\/2022\/06\/Serie-1-Homenaje-a-Marcel-Duchamp-AlfilesSCH-copia-1024x791.png 1024w, https:\/\/tempusfugit.mx\/blogniebla\/wp-content\/uploads\/2022\/06\/Serie-1-Homenaje-a-Marcel-Duchamp-AlfilesSCH-copia-750x580.png 750w, https:\/\/tempusfugit.mx\/blogniebla\/wp-content\/uploads\/2022\/06\/Serie-1-Homenaje-a-Marcel-Duchamp-AlfilesSCH-copia.png 1981w\" sizes=\"(max-width: 600px) 100vw, 600px\" \/><\/a><br \/>\n<em><strong>Alfiles<\/strong><\/em><br \/>\nMedidas 60 x 40 cm incluye marialuisa.<br \/>\nImpresa digitalmente papel de algod\u00f3n de alta calidad.<br \/>\nAlt\u00edsima definici\u00f3n.<br \/>\nNumerada y firmada por el autor.<br \/>\nSe entrega Certificado de Origen.<br \/>\nPrecio pieza suelta<br \/>\n<strong>$4,800 pesos<\/strong><\/p>\n<form action=\"https:\/\/www.paypal.com\/cgi-bin\/webscr\" method=\"post\" target=\"_top\"><input name=\"cmd\" type=\"hidden\" value=\"_s-xclick\" \/><br \/>\n<input name=\"hosted_button_id\" type=\"hidden\" value=\"5JCGFENUJUMRJ\" \/><br \/>\n<input alt=\"PayPal, la forma m\u00e1s segura y r\u00e1pida de pagar en l\u00ednea.\" name=\"submit\" src=\"https:\/\/www.paypalobjects.com\/es_XC\/MX\/i\/btn\/btn_buynowCC_LG.gif\" type=\"image\" \/><br \/>\n<img decoding=\"async\" loading=\"lazy\" src=\"https:\/\/www.paypalobjects.com\/es_XC\/i\/scr\/pixel.gif\" alt=\"\" width=\"1\" height=\"1\" border=\"0\" \/><\/form>\n<h6>El env\u00edo tiene un costo de $350 pesos y se coloca en mensajer\u00eda 5 d\u00edas despu\u00e9s del pago.<\/h6>\n<p><a href=\"https:\/\/tempusfugit.mx\/blogniebla\/wp-content\/uploads\/2022\/06\/Serie-1-Homenaje-a-Marcel-Duchamp-CaballoSCH-copia.png\"><img decoding=\"async\" loading=\"lazy\" class=\"alignnone wp-image-478\" src=\"https:\/\/tempusfugit.mx\/blogniebla\/wp-content\/uploads\/2022\/06\/Serie-1-Homenaje-a-Marcel-Duchamp-CaballoSCH-copia-300x232.png\" alt=\"\" width=\"600\" height=\"464\" srcset=\"https:\/\/tempusfugit.mx\/blogniebla\/wp-content\/uploads\/2022\/06\/Serie-1-Homenaje-a-Marcel-Duchamp-CaballoSCH-copia-300x232.png 300w, https:\/\/tempusfugit.mx\/blogniebla\/wp-content\/uploads\/2022\/06\/Serie-1-Homenaje-a-Marcel-Duchamp-CaballoSCH-copia-768x594.png 768w, https:\/\/tempusfugit.mx\/blogniebla\/wp-content\/uploads\/2022\/06\/Serie-1-Homenaje-a-Marcel-Duchamp-CaballoSCH-copia-1024x791.png 1024w, https:\/\/tempusfugit.mx\/blogniebla\/wp-content\/uploads\/2022\/06\/Serie-1-Homenaje-a-Marcel-Duchamp-CaballoSCH-copia-750x580.png 750w, https:\/\/tempusfugit.mx\/blogniebla\/wp-content\/uploads\/2022\/06\/Serie-1-Homenaje-a-Marcel-Duchamp-CaballoSCH-copia.png 1981w\" sizes=\"(max-width: 600px) 100vw, 600px\" \/><\/a><\/p>\n<p><em><strong>Caballo<\/strong><\/em><br \/>\nMedidas 60 x 40 cm incluye marialuisa.<br \/>\nImpresa digitalmente papel de algod\u00f3n de alta calidad.<br \/>\nAlt\u00edsima definici\u00f3n.<br \/>\nNumerada y firmada por el autor.<br \/>\nSe entrega Certificado de Origen.<br \/>\nPrecio pieza suelta<br \/>\n<strong>$4,800 pesos<\/strong><\/p>\n<form action=\"https:\/\/www.paypal.com\/cgi-bin\/webscr\" method=\"post\" target=\"_top\"><input name=\"cmd\" type=\"hidden\" value=\"_s-xclick\" \/><br \/>\n<input name=\"hosted_button_id\" type=\"hidden\" value=\"KA6L4TYYEPKJE\" \/><br \/>\n<input alt=\"PayPal, la forma m\u00e1s segura y r\u00e1pida de pagar en l\u00ednea.\" name=\"submit\" src=\"https:\/\/www.paypalobjects.com\/es_XC\/MX\/i\/btn\/btn_buynowCC_LG.gif\" type=\"image\" \/><br \/>\n<img decoding=\"async\" loading=\"lazy\" src=\"https:\/\/www.paypalobjects.com\/es_XC\/i\/scr\/pixel.gif\" alt=\"\" width=\"1\" height=\"1\" border=\"0\" \/><\/form>\n<h6>El env\u00edo tiene un costo de $350 pesos y se coloca en mensajer\u00eda 5 d\u00edas despu\u00e9s del pago.<\/h6>\n<p><a href=\"https:\/\/tempusfugit.mx\/blogniebla\/wp-content\/uploads\/2022\/06\/Serie-1-Homenaje-a-Marcel-Duchamp-DamaSCH-copia.png\"><img decoding=\"async\" loading=\"lazy\" class=\"alignnone wp-image-479\" src=\"https:\/\/tempusfugit.mx\/blogniebla\/wp-content\/uploads\/2022\/06\/Serie-1-Homenaje-a-Marcel-Duchamp-DamaSCH-copia-300x232.png\" alt=\"\" width=\"600\" height=\"464\" srcset=\"https:\/\/tempusfugit.mx\/blogniebla\/wp-content\/uploads\/2022\/06\/Serie-1-Homenaje-a-Marcel-Duchamp-DamaSCH-copia-300x232.png 300w, https:\/\/tempusfugit.mx\/blogniebla\/wp-content\/uploads\/2022\/06\/Serie-1-Homenaje-a-Marcel-Duchamp-DamaSCH-copia-768x594.png 768w, https:\/\/tempusfugit.mx\/blogniebla\/wp-content\/uploads\/2022\/06\/Serie-1-Homenaje-a-Marcel-Duchamp-DamaSCH-copia-1024x791.png 1024w, https:\/\/tempusfugit.mx\/blogniebla\/wp-content\/uploads\/2022\/06\/Serie-1-Homenaje-a-Marcel-Duchamp-DamaSCH-copia-750x580.png 750w, https:\/\/tempusfugit.mx\/blogniebla\/wp-content\/uploads\/2022\/06\/Serie-1-Homenaje-a-Marcel-Duchamp-DamaSCH-copia.png 1981w\" sizes=\"(max-width: 600px) 100vw, 600px\" \/><\/a><\/p>\n<p><em><strong>Dama<\/strong><\/em><br \/>\nMedidas 60 x 40 cm incluye marialuisa.<br \/>\nImpresa digitalmente papel de algod\u00f3n de alta calidad.<br \/>\nAlt\u00edsima definici\u00f3n.<br \/>\nNumerada y firmada por el autor.<br \/>\nSe entrega Certificado de Origen.<br \/>\nPrecio pieza suelta<br \/>\n<strong>$4,800 pesos<\/strong><\/p>\n<form action=\"https:\/\/www.paypal.com\/cgi-bin\/webscr\" method=\"post\" target=\"_top\"><input name=\"cmd\" type=\"hidden\" value=\"_s-xclick\" \/><br \/>\n<input name=\"hosted_button_id\" type=\"hidden\" value=\"X86ZW29SK2DEC\" \/><br \/>\n<input alt=\"PayPal, la forma m\u00e1s segura y r\u00e1pida de pagar en l\u00ednea.\" name=\"submit\" src=\"https:\/\/www.paypalobjects.com\/es_XC\/MX\/i\/btn\/btn_buynowCC_LG.gif\" type=\"image\" \/><br \/>\n<img decoding=\"async\" loading=\"lazy\" src=\"https:\/\/www.paypalobjects.com\/es_XC\/i\/scr\/pixel.gif\" alt=\"\" width=\"1\" height=\"1\" border=\"0\" \/><\/form>\n<h6>El env\u00edo tiene un costo de $350 pesos y se coloca en mensajer\u00eda 5 d\u00edas despu\u00e9s del pago.<\/h6>\n<p><a href=\"https:\/\/tempusfugit.mx\/blogniebla\/wp-content\/uploads\/2022\/06\/Serie-1-Homenaje-a-Marcel-Duchamp-TorresSCH-copia.png\"><img decoding=\"async\" loading=\"lazy\" class=\"alignnone wp-image-482\" src=\"https:\/\/tempusfugit.mx\/blogniebla\/wp-content\/uploads\/2022\/06\/Serie-1-Homenaje-a-Marcel-Duchamp-TorresSCH-copia-300x232.png\" alt=\"\" width=\"600\" height=\"464\" srcset=\"https:\/\/tempusfugit.mx\/blogniebla\/wp-content\/uploads\/2022\/06\/Serie-1-Homenaje-a-Marcel-Duchamp-TorresSCH-copia-300x232.png 300w, https:\/\/tempusfugit.mx\/blogniebla\/wp-content\/uploads\/2022\/06\/Serie-1-Homenaje-a-Marcel-Duchamp-TorresSCH-copia-768x594.png 768w, https:\/\/tempusfugit.mx\/blogniebla\/wp-content\/uploads\/2022\/06\/Serie-1-Homenaje-a-Marcel-Duchamp-TorresSCH-copia-1024x791.png 1024w, https:\/\/tempusfugit.mx\/blogniebla\/wp-content\/uploads\/2022\/06\/Serie-1-Homenaje-a-Marcel-Duchamp-TorresSCH-copia-750x580.png 750w, https:\/\/tempusfugit.mx\/blogniebla\/wp-content\/uploads\/2022\/06\/Serie-1-Homenaje-a-Marcel-Duchamp-TorresSCH-copia.png 1981w\" sizes=\"(max-width: 600px) 100vw, 600px\" \/><\/a><\/p>\n<p><em><strong>Torres<\/strong><\/em><br \/>\nMedidas 60 x 40 cm incluye marialuisa.<br \/>\nImpresa digitalmente papel de algod\u00f3n de alta calidad.<br \/>\nAlt\u00edsima definici\u00f3n.<br \/>\nNumerada y firmada por el autor.<br \/>\nSe entrega Certificado de Origen.<br \/>\nPrecio pieza suelta<br \/>\n<strong>$4,800 pesos<\/strong><\/p>\n<form action=\"https:\/\/www.paypal.com\/cgi-bin\/webscr\" method=\"post\" target=\"_top\"><input name=\"cmd\" type=\"hidden\" value=\"_s-xclick\" \/><br \/>\n<input name=\"hosted_button_id\" type=\"hidden\" value=\"MRQL9YT3C4FBN\" \/><br \/>\n<input alt=\"PayPal, la forma m\u00e1s segura y r\u00e1pida de pagar en l\u00ednea.\" name=\"submit\" src=\"https:\/\/www.paypalobjects.com\/es_XC\/MX\/i\/btn\/btn_buynowCC_LG.gif\" type=\"image\" \/><br \/>\n<img decoding=\"async\" loading=\"lazy\" src=\"https:\/\/www.paypalobjects.com\/es_XC\/i\/scr\/pixel.gif\" alt=\"\" width=\"1\" height=\"1\" border=\"0\" \/><\/form>\n<h6>El env\u00edo tiene un costo de $350 pesos y se coloca en mensajer\u00eda 5 d\u00edas despu\u00e9s del pago.<\/h6>\n<h3><\/h3>\n<h3><em><strong>Comprar la serie completa de 6 l\u00e1minas<\/strong><\/em><\/h3>\n<p><a href=\"https:\/\/tempusfugit.mx\/blogniebla\/wp-content\/uploads\/2022\/06\/Serie-1-Homenaje-a-Marcel-Duchamp-Rey-y-peonSCH-copia.png\"><img decoding=\"async\" loading=\"lazy\" class=\"alignnone wp-image-481\" src=\"https:\/\/tempusfugit.mx\/blogniebla\/wp-content\/uploads\/2022\/06\/Serie-1-Homenaje-a-Marcel-Duchamp-Rey-y-peonSCH-copia-300x232.png\" alt=\"\" width=\"200\" height=\"155\" srcset=\"https:\/\/tempusfugit.mx\/blogniebla\/wp-content\/uploads\/2022\/06\/Serie-1-Homenaje-a-Marcel-Duchamp-Rey-y-peonSCH-copia-300x232.png 300w, https:\/\/tempusfugit.mx\/blogniebla\/wp-content\/uploads\/2022\/06\/Serie-1-Homenaje-a-Marcel-Duchamp-Rey-y-peonSCH-copia-768x594.png 768w, https:\/\/tempusfugit.mx\/blogniebla\/wp-content\/uploads\/2022\/06\/Serie-1-Homenaje-a-Marcel-Duchamp-Rey-y-peonSCH-copia-1024x791.png 1024w, https:\/\/tempusfugit.mx\/blogniebla\/wp-content\/uploads\/2022\/06\/Serie-1-Homenaje-a-Marcel-Duchamp-Rey-y-peonSCH-copia-750x580.png 750w, https:\/\/tempusfugit.mx\/blogniebla\/wp-content\/uploads\/2022\/06\/Serie-1-Homenaje-a-Marcel-Duchamp-Rey-y-peonSCH-copia.png 1981w\" sizes=\"(max-width: 200px) 100vw, 200px\" \/><\/a><a href=\"https:\/\/tempusfugit.mx\/blogniebla\/wp-content\/uploads\/2022\/06\/Serie-1-Homenaje-a-Marcel-Duchamp-PeonesSCH-copia.png\"><img decoding=\"async\" loading=\"lazy\" class=\"alignnone wp-image-480\" src=\"https:\/\/tempusfugit.mx\/blogniebla\/wp-content\/uploads\/2022\/06\/Serie-1-Homenaje-a-Marcel-Duchamp-PeonesSCH-copia-300x232.png\" alt=\"\" width=\"200\" height=\"155\" srcset=\"https:\/\/tempusfugit.mx\/blogniebla\/wp-content\/uploads\/2022\/06\/Serie-1-Homenaje-a-Marcel-Duchamp-PeonesSCH-copia-300x232.png 300w, https:\/\/tempusfugit.mx\/blogniebla\/wp-content\/uploads\/2022\/06\/Serie-1-Homenaje-a-Marcel-Duchamp-PeonesSCH-copia-768x594.png 768w, https:\/\/tempusfugit.mx\/blogniebla\/wp-content\/uploads\/2022\/06\/Serie-1-Homenaje-a-Marcel-Duchamp-PeonesSCH-copia-1024x791.png 1024w, https:\/\/tempusfugit.mx\/blogniebla\/wp-content\/uploads\/2022\/06\/Serie-1-Homenaje-a-Marcel-Duchamp-PeonesSCH-copia-750x580.png 750w, https:\/\/tempusfugit.mx\/blogniebla\/wp-content\/uploads\/2022\/06\/Serie-1-Homenaje-a-Marcel-Duchamp-PeonesSCH-copia.png 1981w\" sizes=\"(max-width: 200px) 100vw, 200px\" \/><\/a><img decoding=\"async\" loading=\"lazy\" class=\"alignnone wp-image-479\" src=\"https:\/\/tempusfugit.mx\/blogniebla\/wp-content\/uploads\/2022\/06\/Serie-1-Homenaje-a-Marcel-Duchamp-DamaSCH-copia-300x232.png\" alt=\"\" width=\"200\" height=\"155\" srcset=\"https:\/\/tempusfugit.mx\/blogniebla\/wp-content\/uploads\/2022\/06\/Serie-1-Homenaje-a-Marcel-Duchamp-DamaSCH-copia-300x232.png 300w, https:\/\/tempusfugit.mx\/blogniebla\/wp-content\/uploads\/2022\/06\/Serie-1-Homenaje-a-Marcel-Duchamp-DamaSCH-copia-768x594.png 768w, https:\/\/tempusfugit.mx\/blogniebla\/wp-content\/uploads\/2022\/06\/Serie-1-Homenaje-a-Marcel-Duchamp-DamaSCH-copia-1024x791.png 1024w, https:\/\/tempusfugit.mx\/blogniebla\/wp-content\/uploads\/2022\/06\/Serie-1-Homenaje-a-Marcel-Duchamp-DamaSCH-copia-750x580.png 750w, https:\/\/tempusfugit.mx\/blogniebla\/wp-content\/uploads\/2022\/06\/Serie-1-Homenaje-a-Marcel-Duchamp-DamaSCH-copia.png 1981w\" sizes=\"(max-width: 200px) 100vw, 200px\" \/><\/p>\n<p><a href=\"https:\/\/tempusfugit.mx\/blogniebla\/wp-content\/uploads\/2022\/06\/Serie-1-Homenaje-a-Marcel-Duchamp-TorresSCH-copia.png\"><img decoding=\"async\" loading=\"lazy\" class=\"alignnone wp-image-482\" src=\"https:\/\/tempusfugit.mx\/blogniebla\/wp-content\/uploads\/2022\/06\/Serie-1-Homenaje-a-Marcel-Duchamp-TorresSCH-copia-300x232.png\" alt=\"\" width=\"200\" height=\"155\" srcset=\"https:\/\/tempusfugit.mx\/blogniebla\/wp-content\/uploads\/2022\/06\/Serie-1-Homenaje-a-Marcel-Duchamp-TorresSCH-copia-300x232.png 300w, https:\/\/tempusfugit.mx\/blogniebla\/wp-content\/uploads\/2022\/06\/Serie-1-Homenaje-a-Marcel-Duchamp-TorresSCH-copia-768x594.png 768w, https:\/\/tempusfugit.mx\/blogniebla\/wp-content\/uploads\/2022\/06\/Serie-1-Homenaje-a-Marcel-Duchamp-TorresSCH-copia-1024x791.png 1024w, https:\/\/tempusfugit.mx\/blogniebla\/wp-content\/uploads\/2022\/06\/Serie-1-Homenaje-a-Marcel-Duchamp-TorresSCH-copia-750x580.png 750w, https:\/\/tempusfugit.mx\/blogniebla\/wp-content\/uploads\/2022\/06\/Serie-1-Homenaje-a-Marcel-Duchamp-TorresSCH-copia.png 1981w\" sizes=\"(max-width: 200px) 100vw, 200px\" \/><\/a><a href=\"https:\/\/tempusfugit.mx\/blogniebla\/wp-content\/uploads\/2022\/06\/Serie-1-Homenaje-a-Marcel-Duchamp-AlfilesSCH-copia.png\"><img decoding=\"async\" loading=\"lazy\" class=\"alignnone wp-image-477\" src=\"https:\/\/tempusfugit.mx\/blogniebla\/wp-content\/uploads\/2022\/06\/Serie-1-Homenaje-a-Marcel-Duchamp-AlfilesSCH-copia-300x232.png\" alt=\"\" width=\"200\" height=\"155\" srcset=\"https:\/\/tempusfugit.mx\/blogniebla\/wp-content\/uploads\/2022\/06\/Serie-1-Homenaje-a-Marcel-Duchamp-AlfilesSCH-copia-300x232.png 300w, https:\/\/tempusfugit.mx\/blogniebla\/wp-content\/uploads\/2022\/06\/Serie-1-Homenaje-a-Marcel-Duchamp-AlfilesSCH-copia-768x594.png 768w, https:\/\/tempusfugit.mx\/blogniebla\/wp-content\/uploads\/2022\/06\/Serie-1-Homenaje-a-Marcel-Duchamp-AlfilesSCH-copia-1024x791.png 1024w, https:\/\/tempusfugit.mx\/blogniebla\/wp-content\/uploads\/2022\/06\/Serie-1-Homenaje-a-Marcel-Duchamp-AlfilesSCH-copia-750x580.png 750w, https:\/\/tempusfugit.mx\/blogniebla\/wp-content\/uploads\/2022\/06\/Serie-1-Homenaje-a-Marcel-Duchamp-AlfilesSCH-copia.png 1981w\" sizes=\"(max-width: 200px) 100vw, 200px\" \/><\/a><img decoding=\"async\" loading=\"lazy\" class=\"alignnone wp-image-478\" src=\"https:\/\/tempusfugit.mx\/blogniebla\/wp-content\/uploads\/2022\/06\/Serie-1-Homenaje-a-Marcel-Duchamp-CaballoSCH-copia-300x232.png\" alt=\"\" width=\"200\" height=\"155\" srcset=\"https:\/\/tempusfugit.mx\/blogniebla\/wp-content\/uploads\/2022\/06\/Serie-1-Homenaje-a-Marcel-Duchamp-CaballoSCH-copia-300x232.png 300w, https:\/\/tempusfugit.mx\/blogniebla\/wp-content\/uploads\/2022\/06\/Serie-1-Homenaje-a-Marcel-Duchamp-CaballoSCH-copia-768x594.png 768w, https:\/\/tempusfugit.mx\/blogniebla\/wp-content\/uploads\/2022\/06\/Serie-1-Homenaje-a-Marcel-Duchamp-CaballoSCH-copia-1024x791.png 1024w, https:\/\/tempusfugit.mx\/blogniebla\/wp-content\/uploads\/2022\/06\/Serie-1-Homenaje-a-Marcel-Duchamp-CaballoSCH-copia-750x580.png 750w, https:\/\/tempusfugit.mx\/blogniebla\/wp-content\/uploads\/2022\/06\/Serie-1-Homenaje-a-Marcel-Duchamp-CaballoSCH-copia.png 1981w\" sizes=\"(max-width: 200px) 100vw, 200px\" \/><\/p>\n<p>Cada una en medidas de\u00a0Medidas 60 x 40 cm incluye marialuisa.<br \/>\nImpresas digitalmente papel de algod\u00f3n de alta calidad.<br \/>\nAlt\u00edsima definici\u00f3n.<br \/>\nNumeradas y firmadas por el autor.<br \/>\nSe entregan Certificados de Origen.<br \/>\n<strong>$25,900 pesos<\/strong><\/p>\n<form action=\"https:\/\/www.paypal.com\/cgi-bin\/webscr\" method=\"post\" target=\"_top\"><input name=\"cmd\" type=\"hidden\" value=\"_s-xclick\" \/><\/p>\n<h6>El env\u00edo tiene un costo de $350 pesos y se coloca en mensajer\u00eda 5 d\u00edas despu\u00e9s del pago.<\/h6>\n<p><input name=\"hosted_button_id\" type=\"hidden\" value=\"CZPLCRWKQQWGC\" \/><br \/>\n<input alt=\"PayPal, la forma m\u00e1s segura y r\u00e1pida de pagar en l\u00ednea.\" name=\"submit\" src=\"https:\/\/www.paypalobjects.com\/es_XC\/MX\/i\/btn\/btn_buynowCC_LG.gif\" type=\"image\" \/><br \/>\n<img decoding=\"async\" loading=\"lazy\" src=\"https:\/\/www.paypalobjects.com\/es_XC\/i\/scr\/pixel.gif\" alt=\"\" width=\"1\" height=\"1\" border=\"0\" \/><\/p>\n<\/form>\n<h3>Visite otras series del mismo autor<\/h3>\n<h4><a href=\"https:\/\/tempusfugit.mx\/blogniebla\/serie-branas-y-supercuerdas-dimensionales\/\">Serie\u00a0Branas y Supercuerdas\u00a0Dimensionales<\/a><\/h4>\n<h4><a href=\"https:\/\/tempusfugit.mx\/blogniebla\/serie-homenaje-a-marcel-duchamp-bis\/\">Serie \u00abHomenaje a Marcel Duchamp\u00bb BIS<\/a><\/h4>\n<h4><a href=\"https:\/\/tempusfugit.mx\/blogniebla\/serie-el-pajaro-de-fuego-loiseau-de-feu-stravinsky\/\">Serie \u00abEl p\u00e1jaro de fuego\u00bb (L&#8217;oiseau de Feu) basado en la obra de I.\u00a0 Stravinsky<\/a><\/h4>\n<h4><a href=\"https:\/\/tempusfugit.mx\/blogniebla\/graficos-sueltos-y-pruebas-de-autor\/\">Gr\u00e1ficos sueltos y pruebas de autor<\/a><\/h4>\n<p>Tambi\u00e9n podr\u00eda interesarle:<\/p>\n<p><strong><a href=\"https:\/\/tempusfugit.mx\/blogniebla\/grabados-hot-stamping-figurines-de-ajedrez\/\">Grabados Hot Stamping con figurines de ajedrez<\/a><\/strong><\/p>\n<h4><a href=\"https:\/\/tempusfugit.mx\/blogniebla\/reproducciones-de-grabados-de-escher\/\">Reproducciones en offset de grabados de M.C. Escher. Enmarcadas<\/a><\/h4>\n","protected":false},"excerpt":{"rendered":"<p>Basada en el dise\u00f1o de las piezas de ajedrez del famoso artista dada\u00edsta Marcel Duchamp, quien fuera un fuerte jugador de ajedrez y que jug\u00f3 representando a Francia en varias olimpiadas. Rey y Pe\u00f3n Medidas 60 x 40 cm incluye marialuisa. Impresa digitalmente papel de algod\u00f3n de alta calidad. Alt\u00edsima definici\u00f3n Numerada y firmada por [&hellip;]<\/p>\n","protected":false},"author":1,"featured_media":0,"parent":0,"menu_order":0,"comment_status":"open","ping_status":"closed","template":"","meta":[],"_links":{"self":[{"href":"https:\/\/tempusfugit.mx\/blogniebla\/wp-json\/wp\/v2\/pages\/473"}],"collection":[{"href":"https:\/\/tempusfugit.mx\/blogniebla\/wp-json\/wp\/v2\/pages"}],"about":[{"href":"https:\/\/tempusfugit.mx\/blogniebla\/wp-json\/wp\/v2\/types\/page"}],"author":[{"embeddable":true,"href":"https:\/\/tempusfugit.mx\/blogniebla\/wp-json\/wp\/v2\/users\/1"}],"replies":[{"embeddable":true,"href":"https:\/\/tempusfugit.mx\/blogniebla\/wp-json\/wp\/v2\/comments?post=473"}],"version-history":[{"count":19,"href":"https:\/\/tempusfugit.mx\/blogniebla\/wp-json\/wp\/v2\/pages\/473\/revisions"}],"predecessor-version":[{"id":1218,"href":"https:\/\/tempusfugit.mx\/blogniebla\/wp-json\/wp\/v2\/pages\/473\/revisions\/1218"}],"wp:attachment":[{"href":"https:\/\/tempusfugit.mx\/blogniebla\/wp-json\/wp\/v2\/media?parent=473"}],"curies":[{"name":"wp","href":"https:\/\/api.w.org\/{rel}","templated":true}]}}